{"version":"1.0","type":"video","provider_name":"Indavideo","provider_url":"\/\/indavideo.hu\/","width":640,"height":360,"html":"<iframe class=\"indavideo-player\" allowfullscreen id=\"player-915df4bbe1\" type=\"text\/html\" src=\"https:\/\/indavideo.hu\/player\/video\/915df4bbe1\/\" title=\"indavideo video player\" scrolling=\"no\" width=\"640\" height=\"360\"  frameborder=\"0\"><\/iframe>","title":"Interj\u00fa Hamecz Istv\u00e1nnal","author_named":"IndexVideo","author_url":"\/\/indavideo.hu\/profile\/IndexVideo\/","thumbnail_url":"\/\/pics.indavideo.hu\/videos\/000\/219\/082\/2-3.jpg","indavideo_url":"\/\/index.indavideo.hu\/video\/Interju_Hamecz_Istvannal","thumbnail_width":160,"thumbnail_height":120,"thumbnail_m_url":"\/\/pics.indavideo.hu\/videos\/000\/219\/082\/3-3.jpg","thumbnail_m_width":330,"thumbnail_m_height":185,"thumbnails":["\/\/pics.indavideo.hu\/videos\/000\/219\/082\/1-3.jpg","\/\/pics.indavideo.hu\/videos\/000\/219\/082\/2-3.jpg","\/\/pics.indavideo.hu\/videos\/000\/219\/082\/3-3.jpg","\/\/pics.indavideo.hu\/videos\/000\/219\/082\/4-3.jpg","\/\/pics.indavideo.hu\/videos\/000\/219\/082\/5-3.jpg","\/\/pics.indavideo.hu\/videos\/000\/219\/082\/6-3.jpg","\/\/pics.indavideo.hu\/videos\/000\/219\/082\/7-3.jpg"],"description":"A monet\u00e1ris tan\u00e1cs akt\u00edvan hozz\u00e1j\u00e1rult a 300 f\u00f6l\u00f6tti forint-eur\u00f3 \u00e1rfolyamszint el\u00e9r\u00e9s\u00e9hez, abb\u00f3l a t\u00e9ves meggy\u0151z\u0151d\u00e9sb\u0151l kiindulva, hogy a gyenge forint enyh\u00edti a recesszi\u00f3 okozta probl\u00e9m\u00e1kat, mondja Hamecz Istv\u00e1n, az OTP Alapkezel\u0151 vez\u00e9rigazgat\u00f3ja.","length":"1332","hash":"915df4bbe1","id":"219082"}

Interjú Hamecz Istvánnal

A monetáris tanács aktívan hozzájárult a 300 fölötti forint-euró árfolyamszint eléréséhez, abból a téves meggyőződésből kiindulva, hogy a gyenge forint enyhíti a recesszió okozta problémákat, mondja Hamecz István, az OTP Alapkezelő vezérigazgatója.
