{"version":"1.0","type":"video","provider_name":"Indavideo","provider_url":"\/\/indavideo.hu\/","width":640,"height":360,"html":"<iframe class=\"indavideo-player\" allowfullscreen id=\"player-91885bc28e\" type=\"text\/html\" src=\"https:\/\/indavideo.hu\/player\/video\/91885bc28e\/\" title=\"indavideo video player\" scrolling=\"no\" width=\"640\" height=\"360\"  frameborder=\"0\"><\/iframe>","title":"El akart\u00e1k venni a gyerekemet","author_named":"taszvideo","author_url":"\/\/indavideo.hu\/profile\/taszvideo\/","thumbnail_url":"\/\/pics.indavideo.hu\/videos\/000\/900\/031\/2-1.jpg","indavideo_url":"\/\/indavideo.hu\/video\/kenyszerabortusz_es_kenyszer-fogamzasgatlas","thumbnail_width":160,"thumbnail_height":120,"thumbnail_m_url":"\/\/pics.indavideo.hu\/videos\/000\/900\/031\/3-1.jpg","thumbnail_m_width":330,"thumbnail_m_height":185,"thumbnails":["\/\/pics.indavideo.hu\/videos\/000\/900\/031\/1-1.jpg","\/\/pics.indavideo.hu\/videos\/000\/900\/031\/2-1.jpg","\/\/pics.indavideo.hu\/videos\/000\/900\/031\/3-1.jpg","\/\/pics.indavideo.hu\/videos\/000\/900\/031\/4-1.jpg","\/\/pics.indavideo.hu\/videos\/000\/900\/031\/5-1.jpg"],"description":"Sztokja M\u00e1ri\u00e1t kor\u00e1n \u00e9rtelmi fogyat\u00e9kosnak min\u0151s\u00edtett\u00e9k, majd int\u00e9zetbe ker\u00fclt. Az int\u00e9zetben meger\u0151szakolt\u00e1k, majd abortuszra akart\u00e1k k\u00e9nyszer\u00edteni. Ma \u00f6n\u00e1ll\u00f3an \u00e9l \u00e9s dolgozik, egy lak\u00f3telepi lak\u00e1sban neveli l\u00e1ny\u00e1t. A TASZ filmje","length":"399","hash":"91885bc28e","id":"900031"}

El akarták venni a gyerekemet

Sztokja Máriát korán értelmi fogyatékosnak minősítették, majd intézetbe került. Az intézetben megerőszakolták, majd abortuszra akarták kényszeríteni. Ma önállóan él és dolgozik, egy lakótelepi lakásban neveli lányát. A TASZ filmje
