{"version":"1.0","type":"video","provider_name":"Indavideo","provider_url":"\/\/indavideo.hu\/","width":640,"height":360,"html":"<iframe class=\"indavideo-player\" allowfullscreen id=\"player-91cb77b34b\" type=\"text\/html\" src=\"https:\/\/indavideo.hu\/player\/video\/91cb77b34b\/\" title=\"indavideo video player\" scrolling=\"no\" width=\"640\" height=\"360\"  frameborder=\"0\"><\/iframe>","title":"Gumicsizm\u00e1s t\u00fcntet\u0151knek k\u00e9sz\u00fclt a Kossuth t\u00e9r","author_named":"IndexVideo","author_url":"\/\/indavideo.hu\/profile\/IndexVideo\/","thumbnail_url":"\/\/pics.indavideo.hu\/videos\/001\/378\/761\/2-2.jpg","indavideo_url":"\/\/index.indavideo.hu\/video\/zaszlofelvonas_3","thumbnail_width":160,"thumbnail_height":120,"thumbnail_m_url":"\/\/pics.indavideo.hu\/videos\/001\/378\/761\/3-2.jpg","thumbnail_m_width":330,"thumbnail_m_height":185,"thumbnails":["\/\/pics.indavideo.hu\/videos\/001\/378\/761\/1-2.jpg","\/\/pics.indavideo.hu\/videos\/001\/378\/761\/2-2.jpg","\/\/pics.indavideo.hu\/videos\/001\/378\/761\/3-2.jpg","\/\/pics.indavideo.hu\/videos\/001\/378\/761\/4-2.jpg","\/\/pics.indavideo.hu\/videos\/001\/378\/761\/5-2.jpg","\/\/pics.indavideo.hu\/videos\/001\/378\/761\/6-2.jpg","\/\/pics.indavideo.hu\/videos\/001\/378\/761\/7-2.jpg"],"description":"A korm\u00e1ny nem volt t\u00e9tlen az elm\u00falt n\u00e9gy \u00e9vben: A tegnap \u00e1tadott Kossuth t\u00e9ren egy funkci\u00f3tlan vizes \u00e1rokkal kedveskedtek a j\u00f6v\u0151 gumicsizm\u00e1s t\u00fcntet\u0151inek! De mit gondol a Z\u00e1mb\u00f3 csal\u00e1d?","length":"167","hash":"91cb77b34b","id":"1378761"}

Gumicsizmás tüntetőknek készült a Kossuth tér

A kormány nem volt tétlen az elmúlt négy évben: A tegnap átadott Kossuth téren egy funkciótlan vizes árokkal kedveskedtek a jövő gumicsizmás tüntetőinek! De mit gondol a Zámbó család?
