{"version":"1.0","type":"video","provider_name":"Indavideo","provider_url":"\/\/indavideo.hu\/","width":640,"height":360,"html":"<iframe class=\"indavideo-player\" allowfullscreen id=\"player-92b336db78\" type=\"text\/html\" src=\"https:\/\/indavideo.hu\/player\/video\/92b336db78\/\" title=\"indavideo video player\" scrolling=\"no\" width=\"640\" height=\"360\"  frameborder=\"0\"><\/iframe>","title":"Menek\u00fcl\u00fcnk Kadhafi l\u00f6v\u00e9sei el\u0151l","author_named":"IndexVideo","author_url":"\/\/indavideo.hu\/profile\/IndexVideo\/","thumbnail_url":"\/\/pics.indavideo.hu\/videos\/000\/533\/579\/2-3.jpg","indavideo_url":"\/\/index.indavideo.hu\/video\/Libia_2","thumbnail_width":160,"thumbnail_height":120,"thumbnail_m_url":"\/\/pics.indavideo.hu\/videos\/000\/533\/579\/3-3.jpg","thumbnail_m_width":330,"thumbnail_m_height":185,"thumbnails":["\/\/pics.indavideo.hu\/videos\/000\/533\/579\/1-3.jpg","\/\/pics.indavideo.hu\/videos\/000\/533\/579\/2-3.jpg","\/\/pics.indavideo.hu\/videos\/000\/533\/579\/3-3.jpg","\/\/pics.indavideo.hu\/videos\/000\/533\/579\/4-3.jpg","\/\/pics.indavideo.hu\/videos\/000\/533\/579\/5-3.jpg","\/\/pics.indavideo.hu\/videos\/000\/533\/579\/6-3.jpg","\/\/pics.indavideo.hu\/videos\/000\/533\/579\/7-3.jpg"],"description":"Elk\u00eds\u00e9rt\u00fck a felkel\u0151ket a Tripoli elleni utols\u00f3 el\u0151tti t\u00e1mad\u00e1sra.","length":"435","hash":"92b336db78","id":"533579"}

Menekülünk Kadhafi lövései elől

Elkísértük a felkelőket a Tripoli elleni utolsó előtti támadásra.
