{"version":"1.0","type":"video","provider_name":"Indavideo","provider_url":"\/\/indavideo.hu\/","width":640,"height":360,"html":"<iframe class=\"indavideo-player\" allowfullscreen id=\"player-9b18f059e9\" type=\"text\/html\" src=\"https:\/\/indavideo.hu\/player\/video\/9b18f059e9\/\" title=\"indavideo video player\" scrolling=\"no\" width=\"640\" height=\"360\"  frameborder=\"0\"><\/iframe>","title":"Ker\u00e9nyi - A Nemzeti most majd nem a buzikr\u00f3l fog sz\u00f3lni","author_named":"hirajanlo","author_url":"\/\/indavideo.hu\/profile\/hirajanlo\/","thumbnail_url":"\/\/pics.indavideo.hu\/videos\/001\/095\/097\/2-1.jpg","indavideo_url":"\/\/indavideo.hu\/video\/Kerenyi_-_A_Nemzeti_most_majd_nem_a_buzikrol_fog_szolni","thumbnail_width":160,"thumbnail_height":120,"thumbnail_m_url":"\/\/pics.indavideo.hu\/videos\/001\/095\/097\/3-1.jpg","thumbnail_m_width":330,"thumbnail_m_height":185,"thumbnails":["\/\/pics.indavideo.hu\/videos\/001\/095\/097\/1-1.jpg","\/\/pics.indavideo.hu\/videos\/001\/095\/097\/2-1.jpg","\/\/pics.indavideo.hu\/videos\/001\/095\/097\/3-1.jpg","\/\/pics.indavideo.hu\/videos\/001\/095\/097\/4-1.jpg","\/\/pics.indavideo.hu\/videos\/001\/095\/097\/5-1.jpg"],"description":"Ker\u00e9nyi a Nemzeti sz\u00ednh\u00e1zr\u00f3l besz\u00e9lve buzizott egy kicsit. R\u00e9szlet a Belv\u00e1rosi Polg\u00e1ri Szalon vide\u00f3j\u00e1b\u00f3l.","length":"127","hash":"9b18f059e9","id":"1095097"}

Kerényi - A Nemzeti most majd nem a buzikról fog szólni

Kerényi a Nemzeti színházról beszélve buzizott egy kicsit. Részlet a Belvárosi Polgári Szalon videójából.
