{"version":"1.0","type":"video","provider_name":"Indavideo","provider_url":"\/\/indavideo.hu\/","width":640,"height":360,"html":"<iframe class=\"indavideo-player\" allowfullscreen id=\"player-9b7134e8c6\" type=\"text\/html\" src=\"https:\/\/indavideo.hu\/player\/video\/9b7134e8c6\/\" title=\"indavideo video player\" scrolling=\"no\" width=\"640\" height=\"360\"  frameborder=\"0\"><\/iframe>","title":"Furcsa kidob\u00f3k zavarogtak a CEU-t\u00fcntet\u00e9sen, \u00e1ll\u00edt\u00f3lag rend\u0151r\u00f6k","author_named":"IndexVideo","author_url":"\/\/indavideo.hu\/profile\/IndexVideo\/","thumbnail_url":"\/\/pics.indavideo.hu\/videos\/002\/485\/127\/2-2.jpg","indavideo_url":"\/\/index.indavideo.hu\/video\/Furcsa_kidobok_zavarogtak_a_CEU-tuntetesen_a_rendorok_asszisztaltak_hozza","thumbnail_width":160,"thumbnail_height":120,"thumbnail_m_url":"\/\/pics.indavideo.hu\/videos\/002\/485\/127\/3-2.jpg","thumbnail_m_width":330,"thumbnail_m_height":185,"thumbnails":["\/\/pics.indavideo.hu\/videos\/002\/485\/127\/1-2.jpg","\/\/pics.indavideo.hu\/videos\/002\/485\/127\/2-2.jpg","\/\/pics.indavideo.hu\/videos\/002\/485\/127\/3-2.jpg","\/\/pics.indavideo.hu\/videos\/002\/485\/127\/4-2.jpg","\/\/pics.indavideo.hu\/videos\/002\/485\/127\/5-2.jpg","\/\/pics.indavideo.hu\/videos\/002\/485\/127\/6-2.jpg","\/\/pics.indavideo.hu\/videos\/002\/485\/127\/7-2.jpg"],"description":"Amikor CEU-t\u00fcntet\u0151k ki akart\u00e1k t\u0171zni az EU-z\u00e1szl\u00f3t a Parlamentre, a rend\u0151r\u00f6k \u00e9s a t\u00fcntet\u0151k k\u00f6z\u00e9 titokzatos kidob\u00f3k\u00fclsej\u0171 emberek keveredtek. Azonos\u00edt\u00f3juk nem volt, \u00e1ll\u00edt\u00f3lag \"leesett\", a rend\u0151rs\u00e9g k\u00f6zben meg azt mondja, hogy \"civil ruh\u00e1sok\". \u00d6n \u00e9rti ezt? Ami biztos, hogy er\u0151szakoskodtak, \u00e9s a rend\u0151r\u00f6kh\u00f6z vonultak k\u00e9s\u0151bb vissza.","length":"164","hash":"9b7134e8c6","id":"2485127"}

Furcsa kidobók zavarogtak a CEU-tüntetésen, állítólag rendőrök

Amikor CEU-tüntetők ki akarták tűzni az EU-zászlót a Parlamentre, a rendőrök és a tüntetők közé titokzatos kidobókülsejű emberek keveredtek. Azonosítójuk nem volt, állítólag "leesett", a rendőrség közben meg azt mondja, hogy "civil ruhások". Ön érti ezt? Ami biztos, hogy erőszakoskodtak, és a rendőrökhöz vonultak később vissza.
