{"version":"1.0","type":"video","provider_name":"Indavideo","provider_url":"\/\/indavideo.hu\/","width":640,"height":360,"html":"<iframe class=\"indavideo-player\" allowfullscreen id=\"player-9d4bff2b50\" type=\"text\/html\" src=\"https:\/\/indavideo.hu\/player\/video\/9d4bff2b50\/\" title=\"indavideo video player\" scrolling=\"no\" width=\"640\" height=\"360\"  frameborder=\"0\"><\/iframe>","title":"Szeg\u00e9ny ember legkisebb gyermeke","author_named":"IndexVideo","author_url":"\/\/indavideo.hu\/profile\/IndexVideo\/","thumbnail_url":"\/\/pics.indavideo.hu\/videos\/000\/082\/515\/2-3.jpg","indavideo_url":"\/\/index.indavideo.hu\/video\/Szegeny_ember_legkisebb_gyermeke","thumbnail_width":160,"thumbnail_height":120,"thumbnail_m_url":"\/\/pics.indavideo.hu\/videos\/000\/082\/515\/3-3.jpg","thumbnail_m_width":330,"thumbnail_m_height":185,"thumbnails":["\/\/pics.indavideo.hu\/videos\/000\/082\/515\/1-3.jpg","\/\/pics.indavideo.hu\/videos\/000\/082\/515\/2-3.jpg","\/\/pics.indavideo.hu\/videos\/000\/082\/515\/3-3.jpg","\/\/pics.indavideo.hu\/videos\/000\/082\/515\/4-3.jpg","\/\/pics.indavideo.hu\/videos\/000\/082\/515\/5-3.jpg","\/\/pics.indavideo.hu\/videos\/000\/082\/515\/6-3.jpg","\/\/pics.indavideo.hu\/videos\/000\/082\/515\/7-3.jpg"],"description":"Egy \u00e9ves kitart\u00e1sukat \u00fcnnepelt\u00e9k a Kossuth t\u00e9ri t\u00fcntet\u0151k a Corvin k\u00f6zt\u0151l a Parlamentig tart\u00f3 s\u00e9t\u00e1val.","length":"266","hash":"9d4bff2b50","id":"82515"}

Szegény ember legkisebb gyermeke

Egy éves kitartásukat ünnepelték a Kossuth téri tüntetők a Corvin köztől a Parlamentig tartó sétával.
