{"version":"1.0","type":"video","provider_name":"Indavideo","provider_url":"\/\/indavideo.hu\/","width":640,"height":360,"html":"<iframe class=\"indavideo-player\" allowfullscreen id=\"player-9d7b282c18\" type=\"text\/html\" src=\"https:\/\/indavideo.hu\/player\/video\/9d7b282c18\/\" title=\"indavideo video player\" scrolling=\"no\" width=\"640\" height=\"360\"  frameborder=\"0\"><\/iframe>","title":"K\u00e9t harmad igen, k\u00e9t f\u00e9rfi nem","author_named":"IndexVideo","author_url":"\/\/indavideo.hu\/profile\/IndexVideo\/","thumbnail_url":"\/\/pics.indavideo.hu\/videos\/000\/328\/438\/2-3.jpg","indavideo_url":"\/\/index.indavideo.hu\/video\/Ket_harmad_igen_ket_ferfi_nem","thumbnail_width":160,"thumbnail_height":120,"thumbnail_m_url":"\/\/pics.indavideo.hu\/videos\/000\/328\/438\/3-3.jpg","thumbnail_m_width":330,"thumbnail_m_height":185,"thumbnails":["\/\/pics.indavideo.hu\/videos\/000\/328\/438\/1-3.jpg","\/\/pics.indavideo.hu\/videos\/000\/328\/438\/2-3.jpg","\/\/pics.indavideo.hu\/videos\/000\/328\/438\/3-3.jpg","\/\/pics.indavideo.hu\/videos\/000\/328\/438\/4-3.jpg","\/\/pics.indavideo.hu\/videos\/000\/328\/438\/5-3.jpg","\/\/pics.indavideo.hu\/videos\/000\/328\/438\/6-3.jpg","\/\/pics.indavideo.hu\/videos\/000\/328\/438\/7-3.jpg"],"description":"Vas\u00e1rnap szavazni kell, mantr\u00e1zta a Fidesz m\u00e1sf\u00e9l \u00f3r\u00e1n kereszt\u00fcl a Syma-csarnokban. A n\u0151i tagozat eln\u00f6ke melegellenes sz\u00f3noklatot tartott, mellette csak P\u00e1lffy, K\u00f3sa \u00e9s egy kintorn\u00e1s villantott. Kamp\u00e1nyt z\u00e1rt a Fidesz-KDNP.","length":"351","hash":"9d7b282c18","id":"328438"}

Két harmad igen, két férfi nem

Vasárnap szavazni kell, mantrázta a Fidesz másfél órán keresztül a Syma-csarnokban. A női tagozat elnöke melegellenes szónoklatot tartott, mellette csak Pálffy, Kósa és egy kintornás villantott. Kampányt zárt a Fidesz-KDNP.
