{"version":"1.0","type":"video","provider_name":"Indavideo","provider_url":"\/\/indavideo.hu\/","width":640,"height":360,"html":"<iframe class=\"indavideo-player\" allowfullscreen id=\"player-9ef454ef52\" type=\"text\/html\" src=\"https:\/\/indavideo.hu\/player\/video\/9ef454ef52\/\" title=\"indavideo video player\" scrolling=\"no\" width=\"640\" height=\"360\"  frameborder=\"0\"><\/iframe>","title":"Srebrenica: d\u00f6mperekkel vitt\u00e9k a hull\u00e1kat","author_named":"IndexVideo","author_url":"\/\/indavideo.hu\/profile\/IndexVideo\/","thumbnail_url":"\/\/pics.indavideo.hu\/videos\/000\/348\/617\/2-3.jpg","indavideo_url":"\/\/index.indavideo.hu\/video\/Srebrenica","thumbnail_width":160,"thumbnail_height":120,"thumbnail_m_url":"\/\/pics.indavideo.hu\/videos\/000\/348\/617\/3-3.jpg","thumbnail_m_width":330,"thumbnail_m_height":185,"thumbnails":["\/\/pics.indavideo.hu\/videos\/000\/348\/617\/1-3.jpg","\/\/pics.indavideo.hu\/videos\/000\/348\/617\/2-3.jpg","\/\/pics.indavideo.hu\/videos\/000\/348\/617\/3-3.jpg","\/\/pics.indavideo.hu\/videos\/000\/348\/617\/4-3.jpg","\/\/pics.indavideo.hu\/videos\/000\/348\/617\/5-3.jpg","\/\/pics.indavideo.hu\/videos\/000\/348\/617\/6-3.jpg","\/\/pics.indavideo.hu\/videos\/000\/348\/617\/7-3.jpg"],"description":"15 \u00e9ve a boszniai szerb hadsereg h\u00e9tezer muzulm\u00e1n f\u00e9rfit m\u00e9sz\u00e1rolt le, a b\u00e9kefenntart\u00f3k nem tettek semmit. A Centr\u00e1lis Gal\u00e9ria Srebrenica - Felt\u00e1r\u00e1s c\u00edm\u0171 ki\u00e1ll\u00edt\u00e1sa j\u00falius 2-ig van nyitva.","length":"510","hash":"9ef454ef52","id":"348617"}

Srebrenica: dömperekkel vitték a hullákat

15 éve a boszniai szerb hadsereg hétezer muzulmán férfit mészárolt le, a békefenntartók nem tettek semmit. A Centrális Galéria Srebrenica - Feltárás című kiállítása július 2-ig van nyitva.
