{"version":"1.0","type":"video","provider_name":"Indavideo","provider_url":"\/\/indavideo.hu\/","width":640,"height":360,"html":"<iframe class=\"indavideo-player\" allowfullscreen id=\"player-a107765202\" type=\"text\/html\" src=\"https:\/\/indavideo.hu\/player\/video\/a107765202\/\" title=\"indavideo video player\" scrolling=\"no\" width=\"640\" height=\"360\"  frameborder=\"0\"><\/iframe>","title":"\u00cdgy tudt\u00e1k meg a p\u00e1ly\u00e1zat visszavon\u00e1s\u00e1t az olimpiai vit\u00e1n","author_named":"IndexVideo","author_url":"\/\/indavideo.hu\/profile\/IndexVideo\/","thumbnail_url":"\/\/pics.indavideo.hu\/videos\/002\/437\/723\/2-1.jpg","indavideo_url":"\/\/index.indavideo.hu\/video\/Furjes_elso_reakcioja_miutan_megtudta_hogy_Magyarorszag_visszalep_az_olimpiai_palyazattol","thumbnail_width":160,"thumbnail_height":120,"thumbnail_m_url":"\/\/pics.indavideo.hu\/videos\/002\/437\/723\/3-1.jpg","thumbnail_m_width":330,"thumbnail_m_height":185,"thumbnails":["\/\/pics.indavideo.hu\/videos\/002\/437\/723\/1-1.jpg","\/\/pics.indavideo.hu\/videos\/002\/437\/723\/2-1.jpg","\/\/pics.indavideo.hu\/videos\/002\/437\/723\/3-1.jpg","\/\/pics.indavideo.hu\/videos\/002\/437\/723\/4-1.jpg","\/\/pics.indavideo.hu\/videos\/002\/437\/723\/5-1.jpg","\/\/pics.indavideo.hu\/videos\/002\/437\/723\/6-1.jpg","\/\/pics.indavideo.hu\/videos\/002\/437\/723\/7-1.jpg"],"description":"","length":"142","hash":"a107765202","id":"2437723"}

Így tudták meg a pályázat visszavonását az olimpiai vitán
