{"version":"1.0","type":"video","provider_name":"Indavideo","provider_url":"\/\/indavideo.hu\/","width":640,"height":360,"html":"<iframe class=\"indavideo-player\" allowfullscreen id=\"player-a4cd218e07\" type=\"text\/html\" src=\"https:\/\/indavideo.hu\/player\/video\/a4cd218e07\/\" title=\"indavideo video player\" scrolling=\"no\" width=\"640\" height=\"360\"  frameborder=\"0\"><\/iframe>","title":"Kis\u00fajsz\u00e1ll\u00e1s V\u00e1ros \u00d6nkorm\u00e1nyzat\u00e1nak k\u00e9pvisel\u0151-test\u00fcleti \u00fcl\u00e9se - 2021. j\u00fanius 29. - 1. r\u00e9sz","author_named":"Kisujszallas","author_url":"\/\/indavideo.hu\/profile\/Kisujszallas\/","thumbnail_url":"\/\/pics.indavideo.hu\/videos\/003\/543\/010\/2-1.jpg","indavideo_url":"\/\/indavideo.hu\/video\/Kisujszallas_Varos_Onkormanyzatanak_kepviselo-testuleti_ulese_-_2021_junius_29_-_1_resz","thumbnail_width":160,"thumbnail_height":120,"thumbnail_m_url":"\/\/pics.indavideo.hu\/videos\/003\/543\/010\/3-1.jpg","thumbnail_m_width":330,"thumbnail_m_height":185,"thumbnails":["\/\/pics.indavideo.hu\/videos\/003\/543\/010\/1-1.jpg","\/\/pics.indavideo.hu\/videos\/003\/543\/010\/2-1.jpg","\/\/pics.indavideo.hu\/videos\/003\/543\/010\/3-1.jpg","\/\/pics.indavideo.hu\/videos\/003\/543\/010\/4-1.jpg","\/\/pics.indavideo.hu\/videos\/003\/543\/010\/5-1.jpg","\/\/pics.indavideo.hu\/videos\/003\/543\/010\/6-1.jpg","\/\/pics.indavideo.hu\/videos\/003\/543\/010\/7-1.jpg"],"description":"Kis\u00fajsz\u00e1ll\u00e1s V\u00e1ros \u00d6nkorm\u00e1nyzat\u00e1nak k\u00e9pvisel\u0151-test\u00fcleti \u00fcl\u00e9se - 2021. j\u00fanius 29.\r\n0. napirend: Kis\u00fajsz\u00e1ll\u00e1s v\u00e1ros telep\u00fcl\u00e9sk\u00e9p\u00e9nek v\u00e9delm\u00e9r\u0151l sz\u00f3l\u00f3 rendelet m\u00f3dos\u00edt\u00e1si\r\nfolyamat\u00e1nak megind\u00edt\u00e1s\u00e1ra\r\n1. napirend: besz\u00e1mol\u00f3 a lej\u00e1rt hat\u00e1ridej\u0171 hat\u00e1rozatok v\u00e9grehajt\u00e1s\u00e1r\u00f3l\r\n2. napirend: t\u00e1j\u00e9koztat\u00f3 a bizotts\u00e1g \u00e1truh\u00e1zott hat\u00e1sk\u00f6rben hozott d\u00f6nt\u00e9seir\u0151l\r\n3. napirend: t\u00e1j\u00e9koztat\u00f3 a polg\u00e1rmester \u00e1truh\u00e1zott hat\u00e1sk\u00f6rben hozott d\u00f6nt\u00e9seir\u0151l\r\n4. napirend: t\u00e1j\u00e9koztat\u00f3 a jegyz\u0151 \u00e1truh\u00e1zott hat\u00e1sk\u00f6rben hozott d\u00f6nt\u00e9seir\u0151l\r\n5. napirend:  el\u0151terjeszt\u00e9s a 2021. \u00e9vi k\u00f6lts\u00e9gvet\u00e9si rendelet m\u00f3dos\u00edt\u00e1s\u00e1ra\r\n6. napirend:  el\u0151terjeszt\u00e9s a szoci\u00e1lis \u00e9s gyermekv\u00e9delmi t\u00e1mogat\u00e1sokr\u00f3l sz\u00f3l\u00f3 \r\n8\/2015. (II.27.) \u00f6nkorm\u00e1nyzati rendeleet m\u00f3dos\u00edt\u00e1s\u00e1ra\r\n7. napirend:  el\u0151terjeszt\u00e9s Kis\u00fajsz\u00e1ll\u00e1s v\u00e1ros telep\u00fcl\u00e9srendez\u00e9si eszk\u00f6zeinek 2021. \u00e9vi 1. sz\u00e1m\u00fa m\u00f3dos\u00edt\u00e1s\u00e1nak megind\u00edt\u00e1s\u00e1hoz sz\u00fcks\u00e9ges el\u0151zetes d\u00f6nt\u00e9sre az m4 kis\u00fajsz\u00e1ll\u00e1si m\u00e9rn\u00f6ks\u00e9g tervezett fejleszt\u00e9s\u00e9vel kapcsolatban\r\n8. napirend:  besz\u00e1mol\u00f3 a hullad\u00e9ksz\u00e1ll\u00edt\u00e1s helyzet\u00e9r\u0151l \r\n9. napirend:  besz\u00e1mol\u00f3 az iv\u00f3v\u00edz- \u00e9s szennyv\u00edz-szolg\u00e1ltat\u00e1si tev\u00e9kenys\u00e9g ell\u00e1t\u00e1s\u00e1r\u00f3l, a 2020. \u00e9v tapasztalatair\u00f3l","length":"4576","hash":"a4cd218e07","id":"3543010"}

Kisújszállás Város Önkormányzatának képviselő-testületi ülése - 2021. június 29. - 1. rész

Kisújszállás Város Önkormányzatának képviselő-testületi ülése - 2021. június 29.
0. napirend: Kisújszállás város településképének védelméről szóló rendelet módosítási
folyamatának megindítására
1. napirend: beszámoló a lejárt határidejű határozatok végrehajtásáról
2. napirend: tájékoztató a bizottság átruházott hatáskörben hozott döntéseiről
3. napirend: tájékoztató a polgármester átruházott hatáskörben hozott döntéseiről
4. napirend: tájékoztató a jegyző átruházott hatáskörben hozott döntéseiről
5. napirend:  előterjesztés a 2021. évi költségvetési rendelet módosítására
6. napirend:  előterjesztés a szociális és gyermekvédelmi támogatásokról szóló 
8/2015. (II.27.) önkormányzati rendeleet módosítására
7. napirend:  előterjesztés Kisújszállás város településrendezési eszközeinek 2021. évi 1. számú módosításának megindításához szükséges előzetes döntésre az m4 kisújszállási mérnökség tervezett fejlesztésével kapcsolatban
8. napirend:  beszámoló a hulladékszállítás helyzetéről 
9. napirend:  beszámoló az ivóvíz- és szennyvíz-szolgáltatási tevékenység ellátásáról, a 2020. év tapasztalatairól
