{"version":"1.0","type":"video","provider_name":"Indavideo","provider_url":"\/\/indavideo.hu\/","width":640,"height":360,"html":"<iframe class=\"indavideo-player\" allowfullscreen id=\"player-acda77bb23\" type=\"text\/html\" src=\"https:\/\/indavideo.hu\/player\/video\/acda77bb23\/\" title=\"indavideo video player\" scrolling=\"no\" width=\"640\" height=\"360\"  frameborder=\"0\"><\/iframe>","title":"Momentum: Korrupt, gerinctelen emberr\u00e9 v\u00e1lt az id\u0151s Orb\u00e1n Viktor","author_named":"IndexVideo","author_url":"\/\/indavideo.hu\/profile\/IndexVideo\/","thumbnail_url":"\/\/pics.indavideo.hu\/videos\/003\/043\/008\/2-2.jpg","indavideo_url":"\/\/index.indavideo.hu\/video\/momentum_plakat_felcsut","thumbnail_width":160,"thumbnail_height":120,"thumbnail_m_url":"\/\/pics.indavideo.hu\/videos\/003\/043\/008\/3-2.jpg","thumbnail_m_width":330,"thumbnail_m_height":185,"thumbnails":["\/\/pics.indavideo.hu\/videos\/003\/043\/008\/1-2.jpg","\/\/pics.indavideo.hu\/videos\/003\/043\/008\/2-2.jpg","\/\/pics.indavideo.hu\/videos\/003\/043\/008\/3-2.jpg","\/\/pics.indavideo.hu\/videos\/003\/043\/008\/4-2.jpg","\/\/pics.indavideo.hu\/videos\/003\/043\/008\/5-2.jpg","\/\/pics.indavideo.hu\/videos\/003\/043\/008\/6-2.jpg","\/\/pics.indavideo.hu\/videos\/003\/043\/008\/7-2.jpg"],"description":"Magyarorsz\u00e1gra hozta a Momentum az ALDE \u00e9s Guy Verhofstadt mozg\u00f3 plak\u00e1tj\u00e1t, amelyen Orb\u00e1n Viktor egy halom p\u00e9nz felett \u00e1ll \u00e9s a sz\u00f6veg szerint Eur\u00f3pa j\u00f6v\u0151j\u00e9t fenyegeti. A kamion els\u0151 \u00e1llom\u00e1sa Felcs\u00fat volt, \u00e9ppen Orb\u00e1n Viktor h\u00e1za \u00e9s a h\u00e1z mell\u00e9 felh\u00fazott Pancho Ar\u00e9na k\u00f6z\u00f6tt. A furgont Fekete-Gy\u0151r Andr\u00e1s ind\u00edtotta orsz\u00e1gos turn\u00e9ra.","length":"126","hash":"acda77bb23","id":"3043008"}

Momentum: Korrupt, gerinctelen emberré vált az idős Orbán Viktor

Magyarországra hozta a Momentum az ALDE és Guy Verhofstadt mozgó plakátját, amelyen Orbán Viktor egy halom pénz felett áll és a szöveg szerint Európa jövőjét fenyegeti. A kamion első állomása Felcsút volt, éppen Orbán Viktor háza és a ház mellé felhúzott Pancho Aréna között. A furgont Fekete-Győr András indította országos turnéra.
