{"version":"1.0","type":"video","provider_name":"Indavideo","provider_url":"\/\/indavideo.hu\/","width":640,"height":360,"html":"<iframe class=\"indavideo-player\" allowfullscreen id=\"player-ad98e0a31b\" type=\"text\/html\" src=\"https:\/\/indavideo.hu\/player\/video\/ad98e0a31b\/\" title=\"indavideo video player\" scrolling=\"no\" width=\"640\" height=\"360\"  frameborder=\"0\"><\/iframe>","title":"L\u0151fegyvereket foglaltak le R\u00f6szk\u00e9n","author_named":"hirajanlo","author_url":"\/\/indavideo.hu\/profile\/hirajanlo\/","thumbnail_url":"\/\/pics.indavideo.hu\/videos\/001\/938\/447\/2-2.jpg","indavideo_url":"\/\/indavideo.hu\/video\/Lofegyvereket_foglaltak_le_Roszken","thumbnail_width":160,"thumbnail_height":120,"thumbnail_m_url":"\/\/pics.indavideo.hu\/videos\/001\/938\/447\/3-2.jpg","thumbnail_m_width":330,"thumbnail_m_height":185,"thumbnails":["\/\/pics.indavideo.hu\/videos\/001\/938\/447\/1-2.jpg","\/\/pics.indavideo.hu\/videos\/001\/938\/447\/2-2.jpg","\/\/pics.indavideo.hu\/videos\/001\/938\/447\/3-2.jpg","\/\/pics.indavideo.hu\/videos\/001\/938\/447\/4-2.jpg","\/\/pics.indavideo.hu\/videos\/001\/938\/447\/5-2.jpg","\/\/pics.indavideo.hu\/videos\/001\/938\/447\/6-2.jpg","\/\/pics.indavideo.hu\/videos\/001\/938\/447\/7-2.jpg"],"description":"R\u00f6szk\u00e9n l\u00e9pett be az orsz\u00e1gba az a szerb f\u00e9rfi, akinek aut\u00f3j\u00e1b\u00f3l l\u0151szerek \u00e9s l\u0151fegyverek ker\u00fcltek el\u0151.\r\n\r\nA 28 \u00e9ves szerb \u00e1llampolg\u00e1rs\u00e1g\u00fa f\u00e9rfi 2015. november 19-\u00e9n 5 \u00f3ra 30 perckor jelentkezett bel\u00e9p\u00e9sre a R\u00f6szke Aut\u00f3p\u00e1lya-hat\u00e1r\u00e1tkel\u0151helyen. G\u00e9pkocsija \u00e1tvizsg\u00e1l\u00e1sa sor\u00e1n a p\u00e9nz\u00fcgy\u0151r\u00f6k az utast\u00e9rben, a k\u00f6ny\u00f6kt\u00e1masz alatt kialak\u00edtott rejtekhelyen egy Taurus \u00e9s egy Browning t\u00edpus\u00fa pisztolyt tal\u00e1ltak a hozz\u00e1juk tartoz\u00f3 l\u0151szerekkel.\r\n\r\nA Csongr\u00e1d Megyei Rend\u0151r-f\u0151kapit\u00e1nys\u00e1g P. B. ellen l\u0151fegyverrel \u00e9s l\u0151szerrel vissza\u00e9l\u00e9s b\u0171ntett\u00e9nek megalapozott gyan\u00faja miatt ind\u00edtott b\u00fcntet\u0151elj\u00e1r\u00e1st. A rend\u0151rs\u00e9g kihallgat\u00e1s\u00e1t k\u00f6vet\u0151en a gyan\u00fas\u00edtottat \u0151rizetbe vette \u00e9s kezdem\u00e9nyezte az el\u0151zetes letart\u00f3ztat\u00e1s\u00e1t.\r\nForr\u00e1s: PoliceHungary","length":"81","hash":"ad98e0a31b","id":"1938447"}

Lőfegyvereket foglaltak le Röszkén

Röszkén lépett be az országba az a szerb férfi, akinek autójából lőszerek és lőfegyverek kerültek elő.

A 28 éves szerb állampolgárságú férfi 2015. november 19-én 5 óra 30 perckor jelentkezett belépésre a Röszke Autópálya-határátkelőhelyen. Gépkocsija átvizsgálása során a pénzügyőrök az utastérben, a könyöktámasz alatt kialakított rejtekhelyen egy Taurus és egy Browning típusú pisztolyt találtak a hozzájuk tartozó lőszerekkel.

A Csongrád Megyei Rendőr-főkapitányság P. B. ellen lőfegyverrel és lőszerrel visszaélés bűntettének megalapozott gyanúja miatt indított büntetőeljárást. A rendőrség kihallgatását követően a gyanúsítottat őrizetbe vette és kezdeményezte az előzetes letartóztatását.
Forrás: PoliceHungary
