{"version":"1.0","type":"video","provider_name":"Indavideo","provider_url":"\/\/indavideo.hu\/","width":640,"height":360,"html":"<iframe class=\"indavideo-player\" allowfullscreen id=\"player-afd127bbb4\" type=\"text\/html\" src=\"https:\/\/indavideo.hu\/player\/video\/afd127bbb4\/\" title=\"indavideo video player\" scrolling=\"no\" width=\"640\" height=\"360\"  frameborder=\"0\"><\/iframe>","title":"M\u00e1rcius tizen\u00f6t - ezmiez?","author_named":"Kulturpart","author_url":"\/\/indavideo.hu\/profile\/Kulturpart\/","thumbnail_url":"\/\/pics.indavideo.hu\/videos\/001\/026\/561\/2-1.jpg","indavideo_url":"\/\/indavideo.hu\/video\/Marcius_tizenot_-_ezmiez","thumbnail_width":160,"thumbnail_height":120,"thumbnail_m_url":"\/\/pics.indavideo.hu\/videos\/001\/026\/561\/3-1.jpg","thumbnail_m_width":330,"thumbnail_m_height":185,"thumbnails":["\/\/pics.indavideo.hu\/videos\/001\/026\/561\/1-1.jpg","\/\/pics.indavideo.hu\/videos\/001\/026\/561\/2-1.jpg","\/\/pics.indavideo.hu\/videos\/001\/026\/561\/3-1.jpg","\/\/pics.indavideo.hu\/videos\/001\/026\/561\/4-1.jpg","\/\/pics.indavideo.hu\/videos\/001\/026\/561\/5-1.jpg"],"description":"\u00dcnnepelni j\u00f3, de hogy mi is t\u00f6rt\u00e9nt m\u00e1rcius 15-\u00e9n, azt sajnos nem mindenki tudja. A fiatalabbak t\u00f6bbs\u00e9ge legal\u00e1bbis hom\u00e1lyban tapogat\u00f3zik, ha 1848-r\u00f3l van sz\u00f3.","length":"173","hash":"afd127bbb4","id":"1026561"}

Március tizenöt - ezmiez?

Ünnepelni jó, de hogy mi is történt március 15-én, azt sajnos nem mindenki tudja. A fiatalabbak többsége legalábbis homályban tapogatózik, ha 1848-ról van szó.
