{"version":"1.0","type":"video","provider_name":"Indavideo","provider_url":"\/\/indavideo.hu\/","width":640,"height":360,"html":"<iframe class=\"indavideo-player\" allowfullscreen id=\"player-b4f3a11d7b\" type=\"text\/html\" src=\"https:\/\/indavideo.hu\/player\/video\/b4f3a11d7b\/\" title=\"indavideo video player\" scrolling=\"no\" width=\"640\" height=\"360\"  frameborder=\"0\"><\/iframe>","title":"Felmentett\u00e9k Budah\u00e1zy Gy\u00f6rgy\u00f6t","author_named":"IndexVideo","author_url":"\/\/indavideo.hu\/profile\/IndexVideo\/","thumbnail_url":"\/\/pics.indavideo.hu\/videos\/000\/113\/783\/2-3.jpg","indavideo_url":"\/\/index.indavideo.hu\/video\/Felmentettek_Budahazy_Gyorgyot","thumbnail_width":160,"thumbnail_height":120,"thumbnail_m_url":"\/\/pics.indavideo.hu\/videos\/000\/113\/783\/3-3.jpg","thumbnail_m_width":330,"thumbnail_m_height":185,"thumbnails":["\/\/pics.indavideo.hu\/videos\/000\/113\/783\/1-3.jpg","\/\/pics.indavideo.hu\/videos\/000\/113\/783\/2-3.jpg","\/\/pics.indavideo.hu\/videos\/000\/113\/783\/3-3.jpg","\/\/pics.indavideo.hu\/videos\/000\/113\/783\/4-3.jpg","\/\/pics.indavideo.hu\/videos\/000\/113\/783\/5-3.jpg","\/\/pics.indavideo.hu\/videos\/000\/113\/783\/6-3.jpg","\/\/pics.indavideo.hu\/videos\/000\/113\/783\/7-3.jpg"],"description":"Felmentette a b\u00edr\u00f3s\u00e1g az ellene felhozott v\u00e1dak al\u00f3l Budah\u00e1zy Gy\u00f6rgy\u00f6t, akit tapssal \u00e9s \u00fcdvrivalg\u00e1ssal \u00e9ljenzett a t\u00e1rgyal\u00f3teremben megjelent k\u00f6z\u00f6ns\u00e9g. Alkotm\u00e1nyos rend elleni szervezked\u00e9ssel v\u00e1dolt\u00e1k, mert fegyveres harcra buzd\u00edtotta a korm\u00e1ny ellen az embereket.","length":"74","hash":"b4f3a11d7b","id":"113783"}

Felmentették Budaházy Györgyöt

Felmentette a bíróság az ellene felhozott vádak alól Budaházy Györgyöt, akit tapssal és üdvrivalgással éljenzett a tárgyalóteremben megjelent közönség. Alkotmányos rend elleni szervezkedéssel vádolták, mert fegyveres harcra buzdította a kormány ellen az embereket.
