{"version":"1.0","type":"video","provider_name":"Indavideo","provider_url":"\/\/indavideo.hu\/","width":640,"height":360,"html":"<iframe class=\"indavideo-player\" allowfullscreen id=\"player-b85d5e3b98\" type=\"text\/html\" src=\"https:\/\/indavideo.hu\/player\/video\/b85d5e3b98\/\" title=\"indavideo video player\" scrolling=\"no\" width=\"640\" height=\"360\"  frameborder=\"0\"><\/iframe>","title":"A Real-os Pep\u00e9nek elment az esze","author_named":"RyanObrien","author_url":"\/\/indavideo.hu\/profile\/RyanObrien\/","thumbnail_url":"\/\/pics.indavideo.hu\/videos\/000\/231\/346\/2-2.jpg","indavideo_url":"\/\/indavideo.hu\/video\/A_Real-os_Pepenek_elment_az_esze","thumbnail_width":160,"thumbnail_height":120,"thumbnail_m_url":"\/\/pics.indavideo.hu\/videos\/000\/231\/346\/3-2.jpg","thumbnail_m_width":330,"thumbnail_m_height":185,"thumbnails":["\/\/pics.indavideo.hu\/videos\/000\/231\/346\/1-2.jpg","\/\/pics.indavideo.hu\/videos\/000\/231\/346\/2-2.jpg","\/\/pics.indavideo.hu\/videos\/000\/231\/346\/3-2.jpg","\/\/pics.indavideo.hu\/videos\/000\/231\/346\/4-2.jpg","\/\/pics.indavideo.hu\/videos\/000\/231\/346\/5-2.jpg","\/\/pics.indavideo.hu\/videos\/000\/231\/346\/6-2.jpg","\/\/pics.indavideo.hu\/videos\/000\/231\/346\/7-2.jpg"],"description":"Felr\u00fagtak, ut\u00e1n meg sz\u00e9t akarta r\u00fagni ellenfel\u00e9t a Real Madrid v\u00e9d\u0151je a Getafe elleni (2009.04.21) bajnokin.","length":"60","hash":"b85d5e3b98","id":"231346"}

A Real-os Pepének elment az esze

Felrúgtak, után meg szét akarta rúgni ellenfelét a Real Madrid védője a Getafe elleni (2009.04.21) bajnokin.
