{"version":"1.0","type":"video","provider_name":"Indavideo","provider_url":"\/\/indavideo.hu\/","width":640,"height":360,"html":"<iframe class=\"indavideo-player\" allowfullscreen id=\"player-b9094f7355\" type=\"text\/html\" src=\"https:\/\/indavideo.hu\/player\/video\/b9094f7355\/\" title=\"indavideo video player\" scrolling=\"no\" width=\"640\" height=\"360\"  frameborder=\"0\"><\/iframe>","title":"Szeptember v\u00e9g\u00e9n-zen\u00e9s vers","author_named":"aranykarika","author_url":"\/\/indavideo.hu\/profile\/aranykarika\/","thumbnail_url":"\/\/pics.indavideo.hu\/videos\/000\/264\/738\/2-2.jpg","indavideo_url":"\/\/indavideo.hu\/video\/Szeptember_vegen-zenes_vers","thumbnail_width":160,"thumbnail_height":120,"thumbnail_m_url":"\/\/pics.indavideo.hu\/videos\/000\/264\/738\/3-2.jpg","thumbnail_m_width":330,"thumbnail_m_height":185,"thumbnails":["\/\/pics.indavideo.hu\/videos\/000\/264\/738\/1-2.jpg","\/\/pics.indavideo.hu\/videos\/000\/264\/738\/2-2.jpg","\/\/pics.indavideo.hu\/videos\/000\/264\/738\/3-2.jpg","\/\/pics.indavideo.hu\/videos\/000\/264\/738\/4-2.jpg","\/\/pics.indavideo.hu\/videos\/000\/264\/738\/5-2.jpg","\/\/pics.indavideo.hu\/videos\/000\/264\/738\/6-2.jpg","\/\/pics.indavideo.hu\/videos\/000\/264\/738\/7-2.jpg"],"description":"Egy gy\u00f6ny\u00f6r\u0171 Pet\u0151fi verset k\u00e9sz\u00edtettem el,a netr\u0151l v\u00e1lasztott k\u00e9pek seg\u00edts\u00e9g\u00e9vel.Igaz m\u00e9g nincs szeptember,de m\u00e1r a hajnalok azt id\u00e9zik...","length":"205","hash":"b9094f7355","id":"264738"}

Szeptember végén-zenés vers

Egy gyönyörű Petőfi verset készítettem el,a netről választott képek segítségével.Igaz még nincs szeptember,de már a hajnalok azt idézik...
