{"version":"1.0","type":"video","provider_name":"Indavideo","provider_url":"\/\/indavideo.hu\/","width":640,"height":360,"html":"<iframe class=\"indavideo-player\" allowfullscreen id=\"player-b9b73786a5\" type=\"text\/html\" src=\"https:\/\/indavideo.hu\/player\/video\/b9b73786a5\/\" title=\"indavideo video player\" scrolling=\"no\" width=\"640\" height=\"360\"  frameborder=\"0\"><\/iframe>","title":"Kar\u00e1csony Gergely: Szebb j\u00f6v\u0151t!","author_named":"IndexVideo","author_url":"\/\/indavideo.hu\/profile\/IndexVideo\/","thumbnail_url":"\/\/pics.indavideo.hu\/videos\/000\/575\/689\/2-2.jpg","indavideo_url":"\/\/index.indavideo.hu\/video\/uj_szinhaz_albizottsagi","thumbnail_width":160,"thumbnail_height":120,"thumbnail_m_url":"\/\/pics.indavideo.hu\/videos\/000\/575\/689\/3-2.jpg","thumbnail_m_width":330,"thumbnail_m_height":185,"thumbnails":["\/\/pics.indavideo.hu\/videos\/000\/575\/689\/1-2.jpg","\/\/pics.indavideo.hu\/videos\/000\/575\/689\/2-2.jpg","\/\/pics.indavideo.hu\/videos\/000\/575\/689\/3-2.jpg"],"description":"Az \u00daj Sz\u00ednh\u00e1z \u00fcgy\u00e9t t\u00e1rgyal\u00f3 albizotts\u00e1g eln\u00f6ke szebb j\u00f6v\u0151t k\u00edv\u00e1nt a sz\u00ednh\u00e1zi \u00e9letnek, amire Nov\u00e1k viccb\u0151l len\u00e1cizta. Voltak \u00e9rdemi hozz\u00e1sz\u00f3l\u00e1sok is. K\u00f6vesse az IndexVide\u00f3t a Facebookon is!","length":"454","hash":"b9b73786a5","id":"575689"}

Karácsony Gergely: Szebb jövőt!

Az Új Színház ügyét tárgyaló albizottság elnöke szebb jövőt kívánt a színházi életnek, amire Novák viccből lenácizta. Voltak érdemi hozzászólások is. Kövesse az IndexVideót a Facebookon is!
