{"version":"1.0","type":"video","provider_name":"Indavideo","provider_url":"\/\/indavideo.hu\/","width":640,"height":360,"html":"<iframe class=\"indavideo-player\" allowfullscreen id=\"player-bbae90fa25\" type=\"text\/html\" src=\"https:\/\/indavideo.hu\/player\/video\/bbae90fa25\/\" title=\"indavideo video player\" scrolling=\"no\" width=\"640\" height=\"360\"  frameborder=\"0\"><\/iframe>","title":"L\u00e1z\u00e1r J\u00e1nos Korm\u00e1nyinf\u00f3 2018. m\u00e1rcius 8.","author_named":"NapiHu","author_url":"\/\/indavideo.hu\/profile\/NapiHu\/","thumbnail_url":"\/\/pics.indavideo.hu\/videos\/002\/844\/760\/2-1.jpg","indavideo_url":"\/\/indavideo.hu\/video\/Lazar_Janos_Kormanyinfo_2018_marcius_8","thumbnail_width":160,"thumbnail_height":120,"thumbnail_m_url":"\/\/pics.indavideo.hu\/videos\/002\/844\/760\/3-1.jpg","thumbnail_m_width":330,"thumbnail_m_height":185,"thumbnails":["\/\/pics.indavideo.hu\/videos\/002\/844\/760\/1-1.jpg","\/\/pics.indavideo.hu\/videos\/002\/844\/760\/2-1.jpg","\/\/pics.indavideo.hu\/videos\/002\/844\/760\/3-1.jpg","\/\/pics.indavideo.hu\/videos\/002\/844\/760\/4-1.jpg","\/\/pics.indavideo.hu\/videos\/002\/844\/760\/5-1.jpg","\/\/pics.indavideo.hu\/videos\/002\/844\/760\/6-1.jpg","\/\/pics.indavideo.hu\/videos\/002\/844\/760\/7-1.jpg"],"description":"L\u00e1z\u00e1r J\u00e1nos Korm\u00e1nyinf\u00f3 egy percben 2018. m\u00e1rcius 8.","length":"62","hash":"bbae90fa25","id":"2844760"}

Lázár János Kormányinfó 2018. március 8.

Lázár János Kormányinfó egy percben 2018. március 8.
