{"version":"1.0","type":"video","provider_name":"Indavideo","provider_url":"\/\/indavideo.hu\/","width":640,"height":360,"html":"<iframe class=\"indavideo-player\" allowfullscreen id=\"player-bd1208a158\" type=\"text\/html\" src=\"https:\/\/indavideo.hu\/player\/video\/bd1208a158\/\" title=\"indavideo video player\" scrolling=\"no\" width=\"640\" height=\"360\"  frameborder=\"0\"><\/iframe>","title":"Itt visszan\u00e9zheti Orb\u00e1n Viktor v\u00e1gatlan \u00fcnnepi besz\u00e9d\u00e9t","author_named":"IndexVideo","author_url":"\/\/indavideo.hu\/profile\/IndexVideo\/","thumbnail_url":"\/\/pics.indavideo.hu\/videos\/003\/028\/703\/2-2.jpg","indavideo_url":"\/\/index.indavideo.hu\/video\/Itt_visszanezheti_Orban_Viktor_vagatlan_unnepi_beszedet","thumbnail_width":160,"thumbnail_height":120,"thumbnail_m_url":"\/\/pics.indavideo.hu\/videos\/003\/028\/703\/3-2.jpg","thumbnail_m_width":330,"thumbnail_m_height":185,"thumbnails":["\/\/pics.indavideo.hu\/videos\/003\/028\/703\/1-2.jpg","\/\/pics.indavideo.hu\/videos\/003\/028\/703\/2-2.jpg","\/\/pics.indavideo.hu\/videos\/003\/028\/703\/3-2.jpg","\/\/pics.indavideo.hu\/videos\/003\/028\/703\/4-2.jpg","\/\/pics.indavideo.hu\/videos\/003\/028\/703\/5-2.jpg","\/\/pics.indavideo.hu\/videos\/003\/028\/703\/6-2.jpg","\/\/pics.indavideo.hu\/videos\/003\/028\/703\/7-2.jpg"],"description":"A minisztereln\u00f6k a Terror H\u00e1z\u00e1n\u00e1l mondta el besz\u00e9d\u00e9t az \u00e1llami megeml\u00e9kez\u00e9sen 2018. okt\u00f3ber 23-\u00e1n.","length":"1499","hash":"bd1208a158","id":"3028703"}

Itt visszanézheti Orbán Viktor vágatlan ünnepi beszédét

A miniszterelnök a Terror Házánál mondta el beszédét az állami megemlékezésen 2018. október 23-án.
