{"version":"1.0","type":"video","provider_name":"Indavideo","provider_url":"\/\/indavideo.hu\/","width":640,"height":360,"html":"<iframe class=\"indavideo-player\" allowfullscreen id=\"player-c1ac3642bc\" type=\"text\/html\" src=\"https:\/\/indavideo.hu\/player\/video\/c1ac3642bc\/\" title=\"indavideo video player\" scrolling=\"no\" width=\"640\" height=\"360\"  frameborder=\"0\"><\/iframe>","title":"Orb\u00e1n szerint nincs rendben, hogy etnikai alapon osztj\u00e1k a t\u00e1mogat\u00e1st","author_named":"IndexVideo","author_url":"\/\/indavideo.hu\/profile\/IndexVideo\/","thumbnail_url":"\/\/pics.indavideo.hu\/videos\/003\/280\/304\/2-1.jpg","indavideo_url":"\/\/index.indavideo.hu\/video\/Orban_Viktor_a_gyongyospatai_ugyrol","thumbnail_width":160,"thumbnail_height":120,"thumbnail_m_url":"\/\/pics.indavideo.hu\/videos\/003\/280\/304\/3-1.jpg","thumbnail_m_width":330,"thumbnail_m_height":185,"thumbnails":["\/\/pics.indavideo.hu\/videos\/003\/280\/304\/1-1.jpg","\/\/pics.indavideo.hu\/videos\/003\/280\/304\/2-1.jpg","\/\/pics.indavideo.hu\/videos\/003\/280\/304\/3-1.jpg","\/\/pics.indavideo.hu\/videos\/003\/280\/304\/4-1.jpg","\/\/pics.indavideo.hu\/videos\/003\/280\/304\/5-1.jpg","\/\/pics.indavideo.hu\/videos\/003\/280\/304\/6-1.jpg","\/\/pics.indavideo.hu\/videos\/003\/280\/304\/7-1.jpg"],"description":"","length":"341","hash":"c1ac3642bc","id":"3280304"}

Orbán szerint nincs rendben, hogy etnikai alapon osztják a támogatást
