{"version":"1.0","type":"video","provider_name":"Indavideo","provider_url":"\/\/indavideo.hu\/","width":640,"height":360,"html":"<iframe class=\"indavideo-player\" allowfullscreen id=\"player-c793356c19\" type=\"text\/html\" src=\"https:\/\/indavideo.hu\/player\/video\/c793356c19\/\" title=\"indavideo video player\" scrolling=\"no\" width=\"640\" height=\"360\"  frameborder=\"0\"><\/iframe>","title":"J\u00e9gmad\u00e1r megh\u00f6kkent\u0151 viselked\u00e9se","author_named":"takonypocok","author_url":"\/\/indavideo.hu\/profile\/takonypocok\/","thumbnail_url":"\/\/pics.indavideo.hu\/videos\/000\/552\/133\/2-1.jpg","indavideo_url":"\/\/indavideo.hu\/video\/Jegmadar_meghokkento_viselkedese","thumbnail_width":160,"thumbnail_height":120,"thumbnail_m_url":"\/\/pics.indavideo.hu\/videos\/000\/552\/133\/3-1.jpg","thumbnail_m_width":330,"thumbnail_m_height":185,"thumbnails":["\/\/pics.indavideo.hu\/videos\/000\/552\/133\/1-1.jpg","\/\/pics.indavideo.hu\/videos\/000\/552\/133\/2-1.jpg","\/\/pics.indavideo.hu\/videos\/000\/552\/133\/3-1.jpg"],"description":"Sumonyi Mad\u00e1rvonul\u00e1s-kutat\u00f3 \u00c1llom\u00e1s (2011.09.25.)","length":"88","hash":"c793356c19","id":"552133"}

Jégmadár meghökkentő viselkedése

Sumonyi Madárvonulás-kutató Állomás (2011.09.25.)
