{"version":"1.0","type":"video","provider_name":"Indavideo","provider_url":"\/\/indavideo.hu\/","width":640,"height":360,"html":"<iframe class=\"indavideo-player\" allowfullscreen id=\"player-c90c88bcca\" type=\"text\/html\" src=\"https:\/\/indavideo.hu\/player\/video\/c90c88bcca\/\" title=\"indavideo video player\" scrolling=\"no\" width=\"640\" height=\"360\"  frameborder=\"0\"><\/iframe>","title":"K\u00f6zt\u00e9v\u00e9: Orb\u00e1n Viktor vezet\u00e9s\u00e9vel \u00e9len j\u00e1r az orsz\u00e1g","author_named":"IndexVideo","author_url":"\/\/indavideo.hu\/profile\/IndexVideo\/","thumbnail_url":"\/\/pics.indavideo.hu\/videos\/003\/219\/064\/2-2.jpg","indavideo_url":"\/\/index.indavideo.hu\/video\/mtva_m1_hirado_kozszolgalat_migransok_orban","thumbnail_width":160,"thumbnail_height":120,"thumbnail_m_url":"\/\/pics.indavideo.hu\/videos\/003\/219\/064\/3-2.jpg","thumbnail_m_width":330,"thumbnail_m_height":185,"thumbnails":["\/\/pics.indavideo.hu\/videos\/003\/219\/064\/1-2.jpg","\/\/pics.indavideo.hu\/videos\/003\/219\/064\/2-2.jpg","\/\/pics.indavideo.hu\/videos\/003\/219\/064\/3-2.jpg","\/\/pics.indavideo.hu\/videos\/003\/219\/064\/4-2.jpg","\/\/pics.indavideo.hu\/videos\/003\/219\/064\/5-2.jpg","\/\/pics.indavideo.hu\/videos\/003\/219\/064\/6-2.jpg","\/\/pics.indavideo.hu\/videos\/003\/219\/064\/7-2.jpg"],"description":"Eur\u00f3pa csak verg\u0151dik, \u00e9s k\u00f6zben mindenki migr\u00e1nsokat akar betelep\u00edteni. Megn\u00e9zt\u00fck, hogy kamp\u00e1nyid\u0151szakban hogy n\u00e9z ki egy M1-h\u00edrad\u00f3, aminek a zanz\u00e1j\u00e1t csup\u00e1n egyetlenegy k\u00f6zt\u00e9v\u00e9s ad\u00e1sb\u00f3l raktuk \u00f6ssze.","length":"111","hash":"c90c88bcca","id":"3219064"}

Köztévé: Orbán Viktor vezetésével élen jár az ország

Európa csak vergődik, és közben mindenki migránsokat akar betelepíteni. Megnéztük, hogy kampányidőszakban hogy néz ki egy M1-híradó, aminek a zanzáját csupán egyetlenegy köztévés adásból raktuk össze.
