{"version":"1.0","type":"video","provider_name":"Indavideo","provider_url":"\/\/indavideo.hu\/","width":640,"height":360,"html":"<iframe class=\"indavideo-player\" allowfullscreen id=\"player-ca947448e4\" type=\"text\/html\" src=\"https:\/\/indavideo.hu\/player\/video\/ca947448e4\/\" title=\"indavideo video player\" scrolling=\"no\" width=\"640\" height=\"360\"  frameborder=\"0\"><\/iframe>","title":"\u00d6sszellenz\u00e9ki t\u00fcntet\u00e9s (\u00e9l\u0151 ad\u00e1s, 2.r\u00e9sz)","author_named":"IndexVideo","author_url":"\/\/indavideo.hu\/profile\/IndexVideo\/","thumbnail_url":"\/\/pics.indavideo.hu\/videos\/003\/058\/281\/2-2.jpg","indavideo_url":"\/\/index.indavideo.hu\/video\/Osszellenzeki_tuntetes_elo_adas_2_resz","thumbnail_width":160,"thumbnail_height":120,"thumbnail_m_url":"\/\/pics.indavideo.hu\/videos\/003\/058\/281\/3-2.jpg","thumbnail_m_width":330,"thumbnail_m_height":185,"thumbnails":["\/\/pics.indavideo.hu\/videos\/003\/058\/281\/1-2.jpg","\/\/pics.indavideo.hu\/videos\/003\/058\/281\/2-2.jpg","\/\/pics.indavideo.hu\/videos\/003\/058\/281\/3-2.jpg","\/\/pics.indavideo.hu\/videos\/003\/058\/281\/4-2.jpg","\/\/pics.indavideo.hu\/videos\/003\/058\/281\/5-2.jpg","\/\/pics.indavideo.hu\/videos\/003\/058\/281\/6-2.jpg","\/\/pics.indavideo.hu\/videos\/003\/058\/281\/7-2.jpg"],"description":"A t\u00fal\u00f3rat\u00f6rv\u00e9ny ellen harmadik napja t\u00fcntettek a Parlamentn\u00e9l, azt\u00e1n spont\u00e1n felvonul\u00e1st tartottak a Belv\u00e1rosban, amit \u00e9l\u0151ben k\u00f6zvet\u00edtett\u00fcnk a facebookon. ","length":"14368","hash":"ca947448e4","id":"3058281"}

Összellenzéki tüntetés (élő adás, 2.rész)

A túlóratörvény ellen harmadik napja tüntettek a Parlamentnél, aztán spontán felvonulást tartottak a Belvárosban, amit élőben közvetítettünk a facebookon.
