{"version":"1.0","type":"video","provider_name":"Indavideo","provider_url":"\/\/indavideo.hu\/","width":640,"height":360,"html":"<iframe class=\"indavideo-player\" allowfullscreen id=\"player-cede5ab5d6\" type=\"text\/html\" src=\"https:\/\/indavideo.hu\/player\/video\/cede5ab5d6\/\" title=\"indavideo video player\" scrolling=\"no\" width=\"640\" height=\"360\"  frameborder=\"0\"><\/iframe>","title":"Lehallgattuk L\u00e1z\u00e1r J\u00e1nos gondolatait","author_named":"IndexVideo","author_url":"\/\/indavideo.hu\/profile\/IndexVideo\/","thumbnail_url":"\/\/pics.indavideo.hu\/videos\/001\/453\/669\/2-2.jpg","indavideo_url":"\/\/index.indavideo.hu\/video\/Lehallgattuk_Lazar_Janos_gondolatait","thumbnail_width":160,"thumbnail_height":120,"thumbnail_m_url":"\/\/pics.indavideo.hu\/videos\/001\/453\/669\/3-2.jpg","thumbnail_m_width":330,"thumbnail_m_height":185,"thumbnails":["\/\/pics.indavideo.hu\/videos\/001\/453\/669\/1-2.jpg","\/\/pics.indavideo.hu\/videos\/001\/453\/669\/2-2.jpg","\/\/pics.indavideo.hu\/videos\/001\/453\/669\/3-2.jpg","\/\/pics.indavideo.hu\/videos\/001\/453\/669\/4-2.jpg","\/\/pics.indavideo.hu\/videos\/001\/453\/669\/5-2.jpg","\/\/pics.indavideo.hu\/videos\/001\/453\/669\/6-2.jpg","\/\/pics.indavideo.hu\/videos\/001\/453\/669\/7-2.jpg"],"description":"L\u00e1z\u00e1r J\u00e1nos cs\u00facsminiszterk\u00e9nt mindent vitt. \u00c9s ez nem a k\u00e9pzelet, ez a val\u00f3 vil\u00e1g. Nem hiszem el!!!","length":"97","hash":"cede5ab5d6","id":"1453669"}

Lehallgattuk Lázár János gondolatait

Lázár János csúcsminiszterként mindent vitt. És ez nem a képzelet, ez a való világ. Nem hiszem el!!!
