{"version":"1.0","type":"video","provider_name":"Indavideo","provider_url":"\/\/indavideo.hu\/","width":640,"height":360,"html":"<iframe class=\"indavideo-player\" allowfullscreen id=\"player-d2ea96f5cf\" type=\"text\/html\" src=\"https:\/\/indavideo.hu\/player\/video\/d2ea96f5cf\/\" title=\"indavideo video player\" scrolling=\"no\" width=\"640\" height=\"360\"  frameborder=\"0\"><\/iframe>","title":"Kis\u00fajsz\u00e1ll\u00e1s V\u00e1ros \u00d6nkorm\u00e1nyzat\u00e1nak k\u00e9pvisel\u0151-test\u00fcleti \u00fcl\u00e9se - 2022. \u00e1prilis 28..","author_named":"Kisujszallas","author_url":"\/\/indavideo.hu\/profile\/Kisujszallas\/","thumbnail_url":"\/\/pics.indavideo.hu\/videos\/003\/610\/736\/2-1.jpg","indavideo_url":"\/\/indavideo.hu\/video\/Kisujszallas_Varos_Onkormanyzatanak_kepviselo-testuleti_ulese_-_2022_aprilis_28","thumbnail_width":160,"thumbnail_height":120,"thumbnail_m_url":"\/\/pics.indavideo.hu\/videos\/003\/610\/736\/3-1.jpg","thumbnail_m_width":330,"thumbnail_m_height":185,"thumbnails":["\/\/pics.indavideo.hu\/videos\/003\/610\/736\/1-1.jpg","\/\/pics.indavideo.hu\/videos\/003\/610\/736\/2-1.jpg","\/\/pics.indavideo.hu\/videos\/003\/610\/736\/3-1.jpg","\/\/pics.indavideo.hu\/videos\/003\/610\/736\/4-1.jpg","\/\/pics.indavideo.hu\/videos\/003\/610\/736\/5-1.jpg","\/\/pics.indavideo.hu\/videos\/003\/610\/736\/6-1.jpg","\/\/pics.indavideo.hu\/videos\/003\/610\/736\/7-1.jpg"],"description":"Kis\u00fajsz\u00e1ll\u00e1s V\u00e1ros \u00d6nkorm\u00e1nyzat\u00e1nak k\u00e9pvisel\u0151-test\u00fcleti \u00fcl\u00e9se - 2022. \u00e1prilis 28.\r\n1. napirend: Besz\u00e1mol\u00f3 a lej\u00e1rt hat\u00e1ridej\u0171 hat\u00e1rozatok v\u00e9grehajt\u00e1s\u00e1r\u00f3l\r\n2. napirend: T\u00e1j\u00e9koztat\u00f3 a bizotts\u00e1gok \u00e1truh\u00e1zott hat\u00e1sk\u00f6rben hozott d\u00f6nt\u00e9seir\u0151l\r\n3. napirend: T\u00e1j\u00e9koztat\u00f3 a polg\u00e1rmester \u00e1truh\u00e1zott hat\u00e1sk\u00f6rben hozott d\u00f6nt\u00e9seir\u0151l\r\n4. napirend: T\u00e1j\u00e9koztat\u00f3 a jegyz\u0151 \u00e1truh\u00e1zott hat\u00e1sk\u00f6rben hozott d\u00f6nt\u00e9seir\u0151l\r\n5. napirend: El\u0151terjeszt\u00e9s a gyermekj\u00f3l\u00e9ti \u00e9s gyermekv\u00e9delmi feladatok \u00e1tfog\u00f3, \u00e9s a szoci\u00e1lis feladatell\u00e1t\u00e1s tapasztalatainak \u00e9rt\u00e9kel\u00e9s\u00e9re\r\n6. napirend: Besz\u00e1mol\u00f3 a K\u00f6zbiztons\u00e1gi Szakmai Egyeztet\u0151 F\u00f3rum 2022. I. negyed\u00e9vi munk\u00e1j\u00e1r\u00f3l\r\n7.         Besz\u00e1mol\u00f3 Kis\u00fajsz\u00e1ll\u00e1s t\u0171zv\u00e9delmi helyzet\u00e9r\u0151l, a t\u0171zv\u00e9delem \u00e9rdek\u00e9ben tett int\u00e9zked\u00e9sekr\u0151l \u00e9s az azzal kapcsolatos feladatokr\u00f3l\r\n8.         T\u00e1j\u00e9koztat\u00f3 a Kum\u00e1nia Gy\u00f3gy- \u00e9s Strandf\u00fcrd\u0151 szezonnyit\u00f3 felk\u00e9sz\u00fcl\u00e9s\u00e9r\u0151l, v\u00e1rhat\u00f3 feladatokr\u00f3l\r\n9.         El\u0151terjeszt\u00e9s p\u00e1ly\u00e1zat beny\u00fajt\u00e1s\u00e1ra megyei kit\u00fcntet\u0151 c\u00edm elnyer\u00e9s\u00e9re \r\n10. napirend: T\u00e1j\u00e9koztat\u00f3 a k\u00e9t \u00f6nkorm\u00e1nyzati \u00fcl\u00e9s k\u00f6z\u00f6tt t\u00f6rt\u00e9nt fontosabb esem\u00e9nyekr\u0151l\r\n11. napirend: El\u0151terjeszt\u00e9s interpell\u00e1ci\u00f3kra, k\u00e9rd\u00e9sekre, k\u00f6z\u00e9rdek\u0171 bejelent\u00e9sekre","length":"5194","hash":"d2ea96f5cf","id":"3610736"}

Kisújszállás Város Önkormányzatának képviselő-testületi ülése - 2022. április 28..

Kisújszállás Város Önkormányzatának képviselő-testületi ülése - 2022. április 28.
1. napirend: Beszámoló a lejárt határidejű határozatok végrehajtásáról
2. napirend: Tájékoztató a bizottságok átruházott hatáskörben hozott döntéseiről
3. napirend: Tájékoztató a polgármester átruházott hatáskörben hozott döntéseiről
4. napirend: Tájékoztató a jegyző átruházott hatáskörben hozott döntéseiről
5. napirend: Előterjesztés a gyermekjóléti és gyermekvédelmi feladatok átfogó, és a szociális feladatellátás tapasztalatainak értékelésére
6. napirend: Beszámoló a Közbiztonsági Szakmai Egyeztető Fórum 2022. I. negyedévi munkájáról
7.         Beszámoló Kisújszállás tűzvédelmi helyzetéről, a tűzvédelem érdekében tett intézkedésekről és az azzal kapcsolatos feladatokról
8.         Tájékoztató a Kumánia Gyógy- és Strandfürdő szezonnyitó felkészüléséről, várható feladatokról
9.         Előterjesztés pályázat benyújtására megyei kitüntető cím elnyerésére 
10. napirend: Tájékoztató a két önkormányzati ülés között történt fontosabb eseményekről
11. napirend: Előterjesztés interpellációkra, kérdésekre, közérdekű bejelentésekre
