{"version":"1.0","type":"video","provider_name":"Indavideo","provider_url":"\/\/indavideo.hu\/","width":640,"height":360,"html":"<iframe class=\"indavideo-player\" allowfullscreen id=\"player-d451b93837\" type=\"text\/html\" src=\"https:\/\/indavideo.hu\/player\/video\/d451b93837\/\" title=\"indavideo video player\" scrolling=\"no\" width=\"640\" height=\"360\"  frameborder=\"0\"><\/iframe>","title":"A tet\u0151re menek\u00fclnek az \u00fajs\u00e1g\u00edr\u00f3k","author_named":"IndexVideo","author_url":"\/\/indavideo.hu\/profile\/IndexVideo\/","thumbnail_url":"\/\/pics.indavideo.hu\/videos\/001\/628\/123\/2-2.jpg","indavideo_url":"\/\/index.indavideo.hu\/video\/A_tetore_menekulnek_az_ujsagirok","thumbnail_width":160,"thumbnail_height":120,"thumbnail_m_url":"\/\/pics.indavideo.hu\/videos\/001\/628\/123\/3-2.jpg","thumbnail_m_width":330,"thumbnail_m_height":185,"thumbnails":["\/\/pics.indavideo.hu\/videos\/001\/628\/123\/1-2.jpg","\/\/pics.indavideo.hu\/videos\/001\/628\/123\/2-2.jpg","\/\/pics.indavideo.hu\/videos\/001\/628\/123\/3-2.jpg","\/\/pics.indavideo.hu\/videos\/001\/628\/123\/4-2.jpg","\/\/pics.indavideo.hu\/videos\/001\/628\/123\/5-2.jpg","\/\/pics.indavideo.hu\/videos\/001\/628\/123\/6-2.jpg","\/\/pics.indavideo.hu\/videos\/001\/628\/123\/7-2.jpg"],"description":"A l\u00f6v\u00e9sek is hallatszanak, mik\u00f6zben a tet\u0151n b\u00fajnak el a fegyveres t\u00e1mad\u00f3k el\u0151l a p\u00e1rizsi Charlie Hebdo \u00fajs\u00e1g dolgoz\u00f3i.","length":"43","hash":"d451b93837","id":"1628123"}

A tetőre menekülnek az újságírók

A lövések is hallatszanak, miközben a tetőn bújnak el a fegyveres támadók elől a párizsi Charlie Hebdo újság dolgozói.
