{"version":"1.0","type":"video","provider_name":"Indavideo","provider_url":"\/\/indavideo.hu\/","width":640,"height":360,"html":"<iframe class=\"indavideo-player\" allowfullscreen id=\"player-d9d740bb0f\" type=\"text\/html\" src=\"https:\/\/indavideo.hu\/player\/video\/d9d740bb0f\/\" title=\"indavideo video player\" scrolling=\"no\" width=\"640\" height=\"360\"  frameborder=\"0\"><\/iframe>","title":"Orb\u00e1n Viktor az IMF-r\u0151l","author_named":"IndexVideo","author_url":"\/\/indavideo.hu\/profile\/IndexVideo\/","thumbnail_url":"\/\/pics.indavideo.hu\/videos\/000\/369\/981\/2-3.jpg","indavideo_url":"\/\/index.indavideo.hu\/video\/Orban_Viktor_miniszterelnok_eloadasa_reszlet","thumbnail_width":160,"thumbnail_height":120,"thumbnail_m_url":"\/\/pics.indavideo.hu\/videos\/000\/369\/981\/3-3.jpg","thumbnail_m_width":330,"thumbnail_m_height":185,"thumbnails":["\/\/pics.indavideo.hu\/videos\/000\/369\/981\/1-3.jpg","\/\/pics.indavideo.hu\/videos\/000\/369\/981\/2-3.jpg","\/\/pics.indavideo.hu\/videos\/000\/369\/981\/3-3.jpg","\/\/pics.indavideo.hu\/videos\/000\/369\/981\/4-3.jpg","\/\/pics.indavideo.hu\/videos\/000\/369\/981\/5-3.jpg","\/\/pics.indavideo.hu\/videos\/000\/369\/981\/6-3.jpg","\/\/pics.indavideo.hu\/videos\/000\/369\/981\/7-3.jpg"],"description":"A minisztereln\u00f6k el\u0151ad\u00e1st tartott a Misszi\u00f3vezet\u0151i \u00e9rtekezleten, Budapest, 2010. augusztus 30. (r\u00e9szlet)","length":"132","hash":"d9d740bb0f","id":"369981"}

Orbán Viktor az IMF-ről

A miniszterelnök előadást tartott a Misszióvezetői értekezleten, Budapest, 2010. augusztus 30. (részlet)
