{"version":"1.0","type":"video","provider_name":"Indavideo","provider_url":"\/\/indavideo.hu\/","width":640,"height":360,"html":"<iframe class=\"indavideo-player\" allowfullscreen id=\"player-dcbd89142a\" type=\"text\/html\" src=\"https:\/\/indavideo.hu\/player\/video\/dcbd89142a\/\" title=\"indavideo video player\" scrolling=\"no\" width=\"640\" height=\"360\"  frameborder=\"0\"><\/iframe>","title":"T\u00faszdr\u00e1ma \u00e9s a miniszter","author_named":"IndexVideo","author_url":"\/\/indavideo.hu\/profile\/IndexVideo\/","thumbnail_url":"\/\/pics.indavideo.hu\/videos\/000\/110\/991\/2-3.jpg","indavideo_url":"\/\/index.indavideo.hu\/video\/Tuszdrama_es_a_miniszter","thumbnail_width":160,"thumbnail_height":120,"thumbnail_m_url":"\/\/pics.indavideo.hu\/videos\/000\/110\/991\/3-3.jpg","thumbnail_m_width":330,"thumbnail_m_height":185,"thumbnails":["\/\/pics.indavideo.hu\/videos\/000\/110\/991\/1-3.jpg","\/\/pics.indavideo.hu\/videos\/000\/110\/991\/2-3.jpg","\/\/pics.indavideo.hu\/videos\/000\/110\/991\/3-3.jpg","\/\/pics.indavideo.hu\/videos\/000\/110\/991\/4-3.jpg","\/\/pics.indavideo.hu\/videos\/000\/110\/991\/5-3.jpg","\/\/pics.indavideo.hu\/videos\/000\/110\/991\/6-3.jpg","\/\/pics.indavideo.hu\/videos\/000\/110\/991\/7-3.jpg"],"description":"Megverte egykori munkaad\u00f3j\u00e1t, megl\u0151tt egy rend\u0151rt, t\u00faszul ejtette sz\u00fcleit, majd f\u0151be l\u0151tte mag\u00e1t egy f\u00e9rfi a Gy\u0151r-Moson-Sopron megyei T\u00e9ten.","length":"181","hash":"dcbd89142a","id":"110991"}

Túszdráma és a miniszter

Megverte egykori munkaadóját, meglőtt egy rendőrt, túszul ejtette szüleit, majd főbe lőtte magát egy férfi a Győr-Moson-Sopron megyei Téten.
