{"version":"1.0","type":"video","provider_name":"Indavideo","provider_url":"\/\/indavideo.hu\/","width":640,"height":360,"html":"<iframe class=\"indavideo-player\" allowfullscreen id=\"player-de9612f18f\" type=\"text\/html\" src=\"https:\/\/indavideo.hu\/player\/video\/de9612f18f\/\" title=\"indavideo video player\" scrolling=\"no\" width=\"640\" height=\"360\"  frameborder=\"0\"><\/iframe>","title":"Matolcsy\u00e9k kibontott\u00e1k Orb\u00e1n csomagj\u00e1t","author_named":"IndexVideo","author_url":"\/\/indavideo.hu\/profile\/IndexVideo\/","thumbnail_url":"\/\/pics.indavideo.hu\/videos\/000\/445\/143\/2-1.jpg","indavideo_url":"\/\/index.indavideo.hu\/video\/Matolcsyek_kibontottak_Orban_csomagjat","thumbnail_width":160,"thumbnail_height":120,"thumbnail_m_url":"\/\/pics.indavideo.hu\/videos\/000\/445\/143\/3-1.jpg","thumbnail_m_width":330,"thumbnail_m_height":185,"thumbnails":["\/\/pics.indavideo.hu\/videos\/000\/445\/143\/1-1.jpg","\/\/pics.indavideo.hu\/videos\/000\/445\/143\/2-1.jpg","\/\/pics.indavideo.hu\/videos\/000\/445\/143\/3-1.jpg"],"description":"A k\u00f6vetkez\u0151 k\u00e9t \u00e9vre tervezett kiigaz\u00edt\u00e1si csomagot kedd d\u00e9lel\u0151tt ismertette Matolcsy Gy\u00f6rgy \u00e9s Navracsics Tibor. L\u00e1tsz\u00f3lag sok konkr\u00e9tum hangzott el, val\u00f3j\u00e1ban azonban semmi \u00e9rdemleges: a korm\u00e1nytagok csak a k\u00e9t\u00e9ves reform \u00fctemterv\u00e9t sorolt\u00e1k el.","length":"739","hash":"de9612f18f","id":"445143"}

Matolcsyék kibontották Orbán csomagját

A következő két évre tervezett kiigazítási csomagot kedd délelőtt ismertette Matolcsy György és Navracsics Tibor. Látszólag sok konkrétum hangzott el, valójában azonban semmi érdemleges: a kormánytagok csak a kétéves reform ütemtervét sorolták el.
