{"version":"1.0","type":"video","provider_name":"Indavideo","provider_url":"\/\/indavideo.hu\/","width":640,"height":360,"html":"<iframe class=\"indavideo-player\" allowfullscreen id=\"player-df8ba4ca92\" type=\"text\/html\" src=\"https:\/\/indavideo.hu\/player\/video\/df8ba4ca92\/\" title=\"indavideo video player\" scrolling=\"no\" width=\"640\" height=\"360\"  frameborder=\"0\"><\/iframe>","title":"\u00d6sszefogtunk!","author_named":"palospassio","author_url":"\/\/indavideo.hu\/profile\/palospassio\/","thumbnail_url":"\/\/pics.indavideo.hu\/videos\/003\/634\/870\/2-1.jpg","indavideo_url":"\/\/indavideo.hu\/video\/Osszefogtunk","thumbnail_width":160,"thumbnail_height":120,"thumbnail_m_url":"\/\/pics.indavideo.hu\/videos\/003\/634\/870\/3-1.jpg","thumbnail_m_width":330,"thumbnail_m_height":185,"thumbnails":["\/\/pics.indavideo.hu\/videos\/003\/634\/870\/1-1.jpg","\/\/pics.indavideo.hu\/videos\/003\/634\/870\/2-1.jpg","\/\/pics.indavideo.hu\/videos\/003\/634\/870\/3-1.jpg","\/\/pics.indavideo.hu\/videos\/003\/634\/870\/4-1.jpg","\/\/pics.indavideo.hu\/videos\/003\/634\/870\/5-1.jpg","\/\/pics.indavideo.hu\/videos\/003\/634\/870\/6-1.jpg","\/\/pics.indavideo.hu\/videos\/003\/634\/870\/7-1.jpg"],"description":"Magyar Kereszt\u00e9ny-Demokrata Sz\u00f6vets\u00e9g.\r\nKereszt\u00e9ny Civil Szervezetek Orsz\u00e1gos F\u00f3ruma\r\n2022. szeptember 7.","length":"52","hash":"df8ba4ca92","id":"3634870"}

Összefogtunk!

Magyar Keresztény-Demokrata Szövetség.
Keresztény Civil Szervezetek Országos Fóruma
2022. szeptember 7.
