{"version":"1.0","type":"video","provider_name":"Indavideo","provider_url":"\/\/indavideo.hu\/","width":640,"height":360,"html":"<iframe class=\"indavideo-player\" allowfullscreen id=\"player-e05e545b28\" type=\"text\/html\" src=\"https:\/\/indavideo.hu\/player\/video\/e05e545b28\/\" title=\"indavideo video player\" scrolling=\"no\" width=\"640\" height=\"360\"  frameborder=\"0\"><\/iframe>","title":"Nem a Beckham feneke miatt n\u00e9zem a focit","author_named":"konyvesblog","author_url":"\/\/indavideo.hu\/profile\/konyvesblog\/","thumbnail_url":"\/\/pics.indavideo.hu\/videos\/002\/959\/440\/2-1.jpg","indavideo_url":"\/\/indavideo.hu\/video\/Nem_a_Beckham_feneke_miatt_nezem_a_focit","thumbnail_width":160,"thumbnail_height":120,"thumbnail_m_url":"\/\/pics.indavideo.hu\/videos\/002\/959\/440\/3-1.jpg","thumbnail_m_width":330,"thumbnail_m_height":185,"thumbnails":["\/\/pics.indavideo.hu\/videos\/002\/959\/440\/1-1.jpg","\/\/pics.indavideo.hu\/videos\/002\/959\/440\/2-1.jpg","\/\/pics.indavideo.hu\/videos\/002\/959\/440\/3-1.jpg","\/\/pics.indavideo.hu\/videos\/002\/959\/440\/4-1.jpg","\/\/pics.indavideo.hu\/videos\/002\/959\/440\/5-1.jpg","\/\/pics.indavideo.hu\/videos\/002\/959\/440\/6-1.jpg","\/\/pics.indavideo.hu\/videos\/002\/959\/440\/7-1.jpg"],"description":"Csepelyi Adrienn meg\u00edrta a Belemen\u00e9s c\u00edm\u0171 k\u00f6nyv\u00e9t, hogy elmondja, milyen n\u0151k\u00e9nt rajongani a foci\u00e9rt, a Liverpool\u00e9rt, \u00e9s hogy ne kelljen soha t\u00f6bbet magyar\u00e1zkodnia.","length":"586","hash":"e05e545b28","id":"2959440"}

Nem a Beckham feneke miatt nézem a focit

Csepelyi Adrienn megírta a Belemenés című könyvét, hogy elmondja, milyen nőként rajongani a fociért, a Liverpoolért, és hogy ne kelljen soha többet magyarázkodnia.
