{"version":"1.0","type":"video","provider_name":"Indavideo","provider_url":"\/\/indavideo.hu\/","width":640,"height":360,"html":"<iframe class=\"indavideo-player\" allowfullscreen id=\"player-e0cf7dc393\" type=\"text\/html\" src=\"https:\/\/indavideo.hu\/player\/video\/e0cf7dc393\/\" title=\"indavideo video player\" scrolling=\"no\" width=\"640\" height=\"360\"  frameborder=\"0\"><\/iframe>","title":"A csapda 1.\u00e9vad 6.r\u00e9sz","author_named":"shadow750","author_url":"\/\/indavideo.hu\/profile\/shadow750\/","thumbnail_url":"\/\/pics.indavideo.hu\/videos\/003\/803\/556\/2-1.jpg","indavideo_url":"\/\/indavideo.hu\/video\/A_csapda_1evad_6resz","thumbnail_width":160,"thumbnail_height":120,"thumbnail_m_url":"\/\/pics.indavideo.hu\/videos\/003\/803\/556\/3-1.jpg","thumbnail_m_width":330,"thumbnail_m_height":185,"thumbnails":["\/\/pics.indavideo.hu\/videos\/003\/803\/556\/1-1.jpg","\/\/pics.indavideo.hu\/videos\/003\/803\/556\/2-1.jpg","\/\/pics.indavideo.hu\/videos\/003\/803\/556\/3-1.jpg","\/\/pics.indavideo.hu\/videos\/003\/803\/556\/4-1.jpg","\/\/pics.indavideo.hu\/videos\/003\/803\/556\/5-1.jpg","\/\/pics.indavideo.hu\/videos\/003\/803\/556\/6-1.jpg","\/\/pics.indavideo.hu\/videos\/003\/803\/556\/7-1.jpg"],"description":"Demir G\u00fcm\u00fcsay befoly\u00e1sos ember, kinek nagy bejelent\u00e9s\u00e9t c\u00e9g\u00e9nek vezet\u00e9s\u00e9vel, illetve hamarosan megrendezett esk\u00fcv?j\u00e9vel kapcsolatban \u00e1rgus szemek figyelik. Gyermekei, G\u00fcven, Ceren \u00e9s Mete k\u00fcl\u00f6n-k\u00fcl\u00f6n rem\u00e9nykednek, hogy m\u00e9lt\u00f3 ut\u00f3dk\u00e9nt vehetik \u00e1t apjuk hely\u00e9t. \u00c9let\u00fck egy pillanat alatt megv\u00e1ltozik, mikor Demir egy rejt\u00e9lyes felv\u00e9telt kap k\u00e9zhez.","length":"2609","hash":"e0cf7dc393","id":"3803556"}

A csapda 1.évad 6.rész

Demir Gümüsay befolyásos ember, kinek nagy bejelentését cégének vezetésével, illetve hamarosan megrendezett esküv?jével kapcsolatban árgus szemek figyelik. Gyermekei, Güven, Ceren és Mete külön-külön reménykednek, hogy méltó utódként vehetik át apjuk helyét. Életük egy pillanat alatt megváltozik, mikor Demir egy rejtélyes felvételt kap kézhez.
