{"version":"1.0","type":"video","provider_name":"Indavideo","provider_url":"\/\/indavideo.hu\/","width":640,"height":360,"html":"<iframe class=\"indavideo-player\" allowfullscreen id=\"player-e5f6160f31\" type=\"text\/html\" src=\"https:\/\/indavideo.hu\/player\/video\/e5f6160f31\/\" title=\"indavideo video player\" scrolling=\"no\" width=\"640\" height=\"360\"  frameborder=\"0\"><\/iframe>","title":"\u00daj Magyarorsz\u00e1g P\u00e1rt","author_named":"demix802","author_url":"\/\/indavideo.hu\/profile\/demix802\/","thumbnail_url":"\/\/pics.indavideo.hu\/videos\/001\/450\/479\/2-3.jpg","indavideo_url":"\/\/indavideo.hu\/video\/Uj_Magyarorszag_Part","thumbnail_width":160,"thumbnail_height":120,"thumbnail_m_url":"\/\/pics.indavideo.hu\/videos\/001\/450\/479\/3-3.jpg","thumbnail_m_width":330,"thumbnail_m_height":185,"thumbnails":["\/\/pics.indavideo.hu\/videos\/001\/450\/479\/1-3.jpg","\/\/pics.indavideo.hu\/videos\/001\/450\/479\/2-3.jpg","\/\/pics.indavideo.hu\/videos\/001\/450\/479\/3-3.jpg","\/\/pics.indavideo.hu\/videos\/001\/450\/479\/4-3.jpg","\/\/pics.indavideo.hu\/videos\/001\/450\/479\/5-3.jpg","\/\/pics.indavideo.hu\/videos\/001\/450\/479\/6-3.jpg","\/\/pics.indavideo.hu\/videos\/001\/450\/479\/7-3.jpg"],"description":"","length":"59","hash":"e5f6160f31","id":"1450479"}

Új Magyarország Párt
