{"version":"1.0","type":"video","provider_name":"Indavideo","provider_url":"\/\/indavideo.hu\/","width":640,"height":360,"html":"<iframe class=\"indavideo-player\" allowfullscreen id=\"player-e785591140\" type=\"text\/html\" src=\"https:\/\/indavideo.hu\/player\/video\/e785591140\/\" title=\"indavideo video player\" scrolling=\"no\" width=\"640\" height=\"360\"  frameborder=\"0\"><\/iframe>","title":"Jakab P\u00e9ter jobbikos k\u00e9pvisel\u0151 is bem\u00e1szott az MTVA kerit\u00e9s\u00e9n","author_named":"IndexVideo","author_url":"\/\/indavideo.hu\/profile\/IndexVideo\/","thumbnail_url":"\/\/pics.indavideo.hu\/videos\/003\/059\/449\/2-1.jpg","indavideo_url":"\/\/index.indavideo.hu\/video\/Jakab_Peter_jobbikos_kepviselo_is_bemaszott_az_MTVA_keritesen","thumbnail_width":160,"thumbnail_height":120,"thumbnail_m_url":"\/\/pics.indavideo.hu\/videos\/003\/059\/449\/3-1.jpg","thumbnail_m_width":330,"thumbnail_m_height":185,"thumbnails":["\/\/pics.indavideo.hu\/videos\/003\/059\/449\/1-1.jpg","\/\/pics.indavideo.hu\/videos\/003\/059\/449\/2-1.jpg","\/\/pics.indavideo.hu\/videos\/003\/059\/449\/3-1.jpg","\/\/pics.indavideo.hu\/videos\/003\/059\/449\/4-1.jpg","\/\/pics.indavideo.hu\/videos\/003\/059\/449\/5-1.jpg","\/\/pics.indavideo.hu\/videos\/003\/059\/449\/6-1.jpg","\/\/pics.indavideo.hu\/videos\/003\/059\/449\/7-1.jpg"],"description":"","length":"153","hash":"e785591140","id":"3059449"}

Jakab Péter jobbikos képviselő is bemászott az MTVA keritésén
