{"version":"1.0","type":"video","provider_name":"Indavideo","provider_url":"\/\/indavideo.hu\/","width":640,"height":360,"html":"<iframe class=\"indavideo-player\" allowfullscreen id=\"player-f1a4fd4d5a\" type=\"text\/html\" src=\"https:\/\/indavideo.hu\/player\/video\/f1a4fd4d5a\/\" title=\"indavideo video player\" scrolling=\"no\" width=\"640\" height=\"360\"  frameborder=\"0\"><\/iframe>","title":"Gyurcs\u00e1ny Ferenc a mi minisztereln\u00f6k\u00fcnk!","author_named":"IndexVideo","author_url":"\/\/indavideo.hu\/profile\/IndexVideo\/","thumbnail_url":"\/\/pics.indavideo.hu\/videos\/000\/049\/800\/2-3.jpg","indavideo_url":"\/\/index.indavideo.hu\/video\/Valasztasok_masodik_fordulo","thumbnail_width":160,"thumbnail_height":120,"thumbnail_m_url":"\/\/pics.indavideo.hu\/videos\/000\/049\/800\/3-3.jpg","thumbnail_m_width":330,"thumbnail_m_height":185,"thumbnails":["\/\/pics.indavideo.hu\/videos\/000\/049\/800\/1-3.jpg","\/\/pics.indavideo.hu\/videos\/000\/049\/800\/2-3.jpg","\/\/pics.indavideo.hu\/videos\/000\/049\/800\/3-3.jpg","\/\/pics.indavideo.hu\/videos\/000\/049\/800\/4-3.jpg","\/\/pics.indavideo.hu\/videos\/000\/049\/800\/5-3.jpg","\/\/pics.indavideo.hu\/videos\/000\/049\/800\/6-3.jpg","\/\/pics.indavideo.hu\/videos\/000\/049\/800\/7-3.jpg"],"description":"Az orsz\u00e1ggy\u0171l\u00e9si v\u00e1laszt\u00e1sok m\u00e1sodik fordul\u00f3j\u00e1n a k\u00e9t \"nagyp\u00e1rt\" rendezv\u00e9ny\u00e9re l\u00e1togattak\u00a0\u00a0az Index \u00e9s a Velvet munkat\u00e1rsai. Tekintse meg megd\u00f6bbent\u0151 felv\u00e9teleinket az MSZP \u00e9s a Fidesz v\u00e1laszt\u00e1si bulij\u00e1r\u00f3l, amelyeken Pitti Katalin \u00e1ld\u00e1st \u00e9nekel az Index valamennyi olvas\u00f3j\u00e1nak, Rost\u00e1s Ter\u00e9z K\u0151b\u00e1ny\u00e1r\u00f3l pedig besz\u00f3l Uj P\u00e9ternek, s\u0151t Bib\u00f3t id\u00e9zi. Elk\u00e9pzelhet\u0151nek tartja-e Selmeczi Gabriella, hogy az MSZP az\u00e9rt vezet, mert Gyurcs\u00e1ny jobban n\u00e9z ki mint Orb\u00e1n?","length":"326","hash":"f1a4fd4d5a","id":"49800"}

Gyurcsány Ferenc a mi miniszterelnökünk!

Az országgyűlési választások második fordulóján a két "nagypárt" rendezvényére látogattak  az Index és a Velvet munkatársai. Tekintse meg megdöbbentő felvételeinket az MSZP és a Fidesz választási bulijáról, amelyeken Pitti Katalin áldást énekel az Index valamennyi olvasójának, Rostás Teréz Kőbányáról pedig beszól Uj Péternek, sőt Bibót idézi. Elképzelhetőnek tartja-e Selmeczi Gabriella, hogy az MSZP azért vezet, mert Gyurcsány jobban néz ki mint Orbán?
