{"version":"1.0","type":"video","provider_name":"Indavideo","provider_url":"\/\/indavideo.hu\/","width":640,"height":360,"html":"<iframe class=\"indavideo-player\" allowfullscreen id=\"player-f26d50b04e\" type=\"text\/html\" src=\"https:\/\/indavideo.hu\/player\/video\/f26d50b04e\/\" title=\"indavideo video player\" scrolling=\"no\" width=\"640\" height=\"360\"  frameborder=\"0\"><\/iframe>","title":"L\u00e1z\u00e1r: Etikai k\u00e9rd\u00e9st vet fel az Azori-szigeteki \u00fat","author_named":"IndexVideo","author_url":"\/\/indavideo.hu\/profile\/IndexVideo\/","thumbnail_url":"\/\/pics.indavideo.hu\/videos\/000\/590\/993\/2-2.jpg","indavideo_url":"\/\/index.indavideo.hu\/video\/Azori_szigeteken_a_fideszesek","thumbnail_width":160,"thumbnail_height":120,"thumbnail_m_url":"\/\/pics.indavideo.hu\/videos\/000\/590\/993\/3-2.jpg","thumbnail_m_width":330,"thumbnail_m_height":185,"thumbnails":["\/\/pics.indavideo.hu\/videos\/000\/590\/993\/1-2.jpg","\/\/pics.indavideo.hu\/videos\/000\/590\/993\/2-2.jpg","\/\/pics.indavideo.hu\/videos\/000\/590\/993\/3-2.jpg"],"description":"A frakci\u00f3vezet\u0151 ak\u00e1r kommunik\u00e1ci\u00f3s tan\u00e1csokat is ad a Portug\u00e1li\u00e1ban konferenci\u00e1z\u00f3 k\u00f6zgy\u0171l\u00e9si eln\u00f6k\u00f6knek. A somogyi Gelencs\u00e9rnek kev\u00e9sb\u00e9, a pesti Sz\u0171cs Lajosnak ann\u00e1l ink\u00e1bb sz\u00fcks\u00e9ge lehet r\u00e1.K\u00f6vesse az IndexVide\u00f3t a Facebookon is!","length":"175","hash":"f26d50b04e","id":"590993"}

Lázár: Etikai kérdést vet fel az Azori-szigeteki út

A frakcióvezető akár kommunikációs tanácsokat is ad a Portugáliában konferenciázó közgyűlési elnököknek. A somogyi Gelencsérnek kevésbé, a pesti Szűcs Lajosnak annál inkább szüksége lehet rá.Kövesse az IndexVideót a Facebookon is!
