{"version":"1.0","type":"video","provider_name":"Indavideo","provider_url":"\/\/indavideo.hu\/","width":640,"height":360,"html":"<iframe class=\"indavideo-player\" allowfullscreen id=\"player-f2787191cc\" type=\"text\/html\" src=\"https:\/\/indavideo.hu\/player\/video\/f2787191cc\/\" title=\"indavideo video player\" scrolling=\"no\" width=\"640\" height=\"360\"  frameborder=\"0\"><\/iframe>","title":"Neymar boka s\u00e9r\u00fcl\u00e9se a felk\u00e9sz\u00fcl\u00e9s alatt","author_named":"sportajanlo","author_url":"\/\/indavideo.hu\/profile\/sportajanlo\/","thumbnail_url":"\/\/pics.indavideo.hu\/videos\/001\/453\/277\/2-1.jpg","indavideo_url":"\/\/indavideo.hu\/video\/Neymar_boka_serolese_a_felkeszules_alatt","thumbnail_width":160,"thumbnail_height":120,"thumbnail_m_url":"\/\/pics.indavideo.hu\/videos\/001\/453\/277\/3-1.jpg","thumbnail_m_width":330,"thumbnail_m_height":185,"thumbnails":["\/\/pics.indavideo.hu\/videos\/001\/453\/277\/1-1.jpg","\/\/pics.indavideo.hu\/videos\/001\/453\/277\/2-1.jpg","\/\/pics.indavideo.hu\/videos\/001\/453\/277\/3-1.jpg","\/\/pics.indavideo.hu\/videos\/001\/453\/277\/4-1.jpg","\/\/pics.indavideo.hu\/videos\/001\/453\/277\/5-1.jpg","\/\/pics.indavideo.hu\/videos\/001\/453\/277\/6-1.jpg","\/\/pics.indavideo.hu\/videos\/001\/453\/277\/7-1.jpg"],"description":"","length":"52","hash":"f2787191cc","id":"1453277"}

Neymar boka sérülése a felkészülés alatt
