{"version":"1.0","type":"video","provider_name":"Indavideo","provider_url":"\/\/indavideo.hu\/","width":640,"height":360,"html":"<iframe class=\"indavideo-player\" allowfullscreen id=\"player-f2a0b47262\" type=\"text\/html\" src=\"https:\/\/indavideo.hu\/player\/video\/f2a0b47262\/\" title=\"indavideo video player\" scrolling=\"no\" width=\"640\" height=\"360\"  frameborder=\"0\"><\/iframe>","title":"Eur\u00f3pai Uni\u00f3 az ak\u00e1cf\u00e1k \u00e9s a m\u00e9hek ellen","author_named":"Fenyorveny","author_url":"\/\/indavideo.hu\/profile\/Fenyorveny\/","thumbnail_url":"\/\/pics.indavideo.hu\/videos\/001\/332\/791\/2-1.jpg","indavideo_url":"\/\/indavideo.hu\/video\/Europai_Unio_az_akacfak_es_a_mehek_ellen","thumbnail_width":160,"thumbnail_height":120,"thumbnail_m_url":"\/\/pics.indavideo.hu\/videos\/001\/332\/791\/3-1.jpg","thumbnail_m_width":330,"thumbnail_m_height":185,"thumbnails":["\/\/pics.indavideo.hu\/videos\/001\/332\/791\/1-1.jpg","\/\/pics.indavideo.hu\/videos\/001\/332\/791\/2-1.jpg","\/\/pics.indavideo.hu\/videos\/001\/332\/791\/3-1.jpg","\/\/pics.indavideo.hu\/videos\/001\/332\/791\/4-1.jpg","\/\/pics.indavideo.hu\/videos\/001\/332\/791\/5-1.jpg","\/\/pics.indavideo.hu\/videos\/001\/332\/791\/6-1.jpg"],"description":"http:\/\/www.fenyorveny.hu\/2014\/01\/europai-unio-az-akacfak-es-mehek-ellen.html","length":"109","hash":"f2a0b47262","id":"1332791"}

Európai Unió az akácfák és a méhek ellen
