{"version":"1.0","type":"video","provider_name":"Indavideo","provider_url":"\/\/indavideo.hu\/","width":640,"height":360,"html":"<iframe class=\"indavideo-player\" allowfullscreen id=\"player-f6e9b044f9\" type=\"text\/html\" src=\"https:\/\/indavideo.hu\/player\/video\/f6e9b044f9\/\" title=\"indavideo video player\" scrolling=\"no\" width=\"640\" height=\"360\"  frameborder=\"0\"><\/iframe>","title":"Dr. Dr\u00e1bik J\u00e1nos: Mit kell tenni a Magyar Nemzet Megmarad\u00e1s\u00e1\u00e9rt? V.\/1 r\u00e9sz.","author_named":"bendeguz1","author_url":"\/\/indavideo.hu\/profile\/bendeguz1\/","thumbnail_url":"\/\/pics.indavideo.hu\/videos\/000\/613\/075\/2-1.jpg","indavideo_url":"\/\/indavideo.hu\/video\/1_resz_7","thumbnail_width":160,"thumbnail_height":120,"thumbnail_m_url":"\/\/pics.indavideo.hu\/videos\/000\/613\/075\/3-1.jpg","thumbnail_m_width":330,"thumbnail_m_height":185,"thumbnails":["\/\/pics.indavideo.hu\/videos\/000\/613\/075\/1-1.jpg","\/\/pics.indavideo.hu\/videos\/000\/613\/075\/2-1.jpg","\/\/pics.indavideo.hu\/videos\/000\/613\/075\/3-1.jpg"],"description":"Ki vagy kik id\u00e9zt\u00e9k el\u0151 a v\u00e1ls\u00e1got? Orb\u00e1n Viktor a bajok forr\u00e1sa? K\u00f6zhatalom vs. mag\u00e1nhatalom. Milyen nemzetk\u00f6zi p\u00e9nzszivatty\u00fak m\u0171k\u00f6dnek k\u00f6zre a nemzet kifoszt\u00e1s\u00e1ban? Mi az igazi baj a nemzet korm\u00e1nnyal? A rejt\u0151zk\u00f6d\u0151 nemzetk\u00f6zi p\u00e9nz\u00fcgyi mag\u00e1nhatalom.. a magyar p\u00e9nzrendszer, kamat \u00e9s m\u00e9g sok m\u00e1s k\u00e9rd\u00e9sre kapunk v\u00e1laszt az el\u0151ad\u00e1sb\u00f3l. Ezeket gondolatokat sajnos m\u00e9g a nemzet m\u00e9di\u00e1k sem v\u00e1llalj\u00e1k fel.","length":"4374","hash":"f6e9b044f9","id":"613075"}

Dr. Drábik János: Mit kell tenni a Magyar Nemzet Megmaradásáért? V./1 rész.

Ki vagy kik idézték elő a válságot? Orbán Viktor a bajok forrása? Közhatalom vs. magánhatalom. Milyen nemzetközi pénzszivattyúk működnek közre a nemzet kifosztásában? Mi az igazi baj a nemzet kormánnyal? A rejtőzködő nemzetközi pénzügyi magánhatalom.. a magyar pénzrendszer, kamat és még sok más kérdésre kapunk választ az előadásból. Ezeket gondolatokat sajnos még a nemzet médiák sem vállalják fel.
