{"version":"1.0","type":"video","provider_name":"Indavideo","provider_url":"\/\/indavideo.hu\/","width":640,"height":360,"html":"<iframe class=\"indavideo-player\" allowfullscreen id=\"player-f86addec02\" type=\"text\/html\" src=\"https:\/\/indavideo.hu\/player\/video\/f86addec02\/\" title=\"indavideo video player\" scrolling=\"no\" width=\"640\" height=\"360\"  frameborder=\"0\"><\/iframe>","title":"P\u00f6r\u00f6g a Lexus LFA","author_named":"scheerti","author_url":"\/\/indavideo.hu\/profile\/scheerti\/","thumbnail_url":"\/\/pics.indavideo.hu\/videos\/000\/452\/329\/2-1.jpg","indavideo_url":"\/\/auto.indavideo.hu\/video\/Porog_a_Lexus_LFA","thumbnail_width":160,"thumbnail_height":120,"thumbnail_m_url":"\/\/pics.indavideo.hu\/videos\/000\/452\/329\/3-1.jpg","thumbnail_m_width":330,"thumbnail_m_height":185,"thumbnails":["\/\/pics.indavideo.hu\/videos\/000\/452\/329\/1-1.jpg","\/\/pics.indavideo.hu\/videos\/000\/452\/329\/2-1.jpg","\/\/pics.indavideo.hu\/videos\/000\/452\/329\/3-1.jpg"],"description":"A Lexust eddig t\u00f6bbnyire eleg\u00e1ns limuzinjair\u00f3l \u00e9s hibrid terepj\u00e1r\u00f3ir\u00f3l ismerte a vil\u00e1g, amikkel a legritk\u00e1bb esetben p\u00f6r\u00f6gtek az emberek. Lehet, hogy ezut\u00e1n m\u00e1sk\u00e9pp lesz?","length":"47","hash":"f86addec02","id":"452329"}

Pörög a Lexus LFA

A Lexust eddig többnyire elegáns limuzinjairól és hibrid terepjáróiról ismerte a világ, amikkel a legritkább esetben pörögtek az emberek. Lehet, hogy ezután másképp lesz?
