{"version":"1.0","type":"video","provider_name":"Indavideo","provider_url":"\/\/indavideo.hu\/","width":640,"height":360,"html":"<iframe class=\"indavideo-player\" allowfullscreen id=\"player-fbe43cc809\" type=\"text\/html\" src=\"https:\/\/indavideo.hu\/player\/video\/fbe43cc809\/\" title=\"indavideo video player\" scrolling=\"no\" width=\"640\" height=\"360\"  frameborder=\"0\"><\/iframe>","title":"Utcazen\u00e9szek l\u00e1zad\u00e1sa a nyolcban","author_named":"IndexVideo","author_url":"\/\/indavideo.hu\/profile\/IndexVideo\/","thumbnail_url":"\/\/pics.indavideo.hu\/videos\/001\/101\/787\/2-2.jpg","indavideo_url":"\/\/index.indavideo.hu\/video\/Utcazeneszek_lazadasa_a_nyolcban","thumbnail_width":160,"thumbnail_height":120,"thumbnail_m_url":"\/\/pics.indavideo.hu\/videos\/001\/101\/787\/3-2.jpg","thumbnail_m_width":330,"thumbnail_m_height":185,"thumbnails":["\/\/pics.indavideo.hu\/videos\/001\/101\/787\/1-2.jpg","\/\/pics.indavideo.hu\/videos\/001\/101\/787\/2-2.jpg","\/\/pics.indavideo.hu\/videos\/001\/101\/787\/3-2.jpg","\/\/pics.indavideo.hu\/videos\/001\/101\/787\/4-2.jpg","\/\/pics.indavideo.hu\/videos\/001\/101\/787\/5-2.jpg"],"description":"Tilos az utcazene a nyolcadik ker\u00fcletben, ez ellen tiltakozik dalban utcazen\u00e9szek \u00e9s lok\u00e1lpatri\u00f3t\u00e1k egy csoportja.","length":"187","hash":"fbe43cc809","id":"1101787"}

Utcazenészek lázadása a nyolcban

Tilos az utcazene a nyolcadik kerületben, ez ellen tiltakozik dalban utcazenészek és lokálpatrióták egy csoportja.
