{"version":"1.0","type":"video","provider_name":"Indavideo","provider_url":"\/\/indavideo.hu\/","width":640,"height":360,"html":"<iframe class=\"indavideo-player\" allowfullscreen id=\"player-fc4a035156\" type=\"text\/html\" src=\"https:\/\/indavideo.hu\/player\/video\/fc4a035156\/\" title=\"indavideo video player\" scrolling=\"no\" width=\"640\" height=\"360\"  frameborder=\"0\"><\/iframe>","title":"Orb\u00e1n Viktor besz\u00e9de a Zsid\u00f3 Vil\u00e1gkongresszuson","author_named":"IndexVideo","author_url":"\/\/indavideo.hu\/profile\/IndexVideo\/","thumbnail_url":"\/\/pics.indavideo.hu\/videos\/001\/080\/465\/2-1.jpg","indavideo_url":"\/\/index.indavideo.hu\/video\/Orban_Viktor_beszede_a_Zsido_Vilagkongresszuson","thumbnail_width":160,"thumbnail_height":120,"thumbnail_m_url":"\/\/pics.indavideo.hu\/videos\/001\/080\/465\/3-1.jpg","thumbnail_m_width":330,"thumbnail_m_height":185,"thumbnails":["\/\/pics.indavideo.hu\/videos\/001\/080\/465\/1-1.jpg","\/\/pics.indavideo.hu\/videos\/001\/080\/465\/2-1.jpg","\/\/pics.indavideo.hu\/videos\/001\/080\/465\/3-1.jpg","\/\/pics.indavideo.hu\/videos\/001\/080\/465\/4-1.jpg","\/\/pics.indavideo.hu\/videos\/001\/080\/465\/5-1.jpg"],"description":"Budapest, 2013.05.05. Forr\u00e1s: kormany.hu","length":"807","hash":"fc4a035156","id":"1080465"}

Orbán Viktor beszéde a Zsidó Világkongresszuson

Budapest, 2013.05.05. Forrás: kormany.hu
